{"id":3780,"date":"2025-12-18T09:59:01","date_gmt":"2025-12-18T08:59:01","guid":{"rendered":"https:\/\/mellacaseta.cat\/?post_type=product&#038;p=3780"},"modified":"2025-12-18T10:01:15","modified_gmt":"2025-12-18T09:01:15","slug":"miel-de-romero","status":"publish","type":"product","link":"https:\/\/mellacaseta.cat\/es\/producte\/miel-de-romero\/","title":{"rendered":"Miel de Romero"},"content":{"rendered":"<p>Nuestra miel de romero es elaborada en primavera en el bajo bergued\u00e1. Es la miel estrella de nuestro pa\u00eds. De car\u00e1cter suave con un sabor muy caracter\u00edstico con notas \u00e1cidas.<\/p>\n<p>La miel de romero es un alimento natural ideal para el tratamiento externo de distintas afecciones y problemas de piel, ayuda a combatir enfermedades respiratorias, gracias a sus cualidades expectorantes, antis\u00e9pticas y bals\u00e1micas. Estimula y depura el h\u00edgado y es un maravilloso digestivo.<\/p>\n<p><strong>Zona de producci\u00f3n:<\/strong> Bergued\u00e0<\/p>\n<p><strong>\u00c9poca de producci\u00f3n:<\/strong> Finales de primavera &#8211; principios de verano<\/p>\n","protected":false},"excerpt":{"rendered":"<p>La miel de romero del bajo Bergued\u00e0 es suave y delicada, con un sabor \u00fanico y notas \u00e1cidas. Es ideal para problemas de piel y enfermedades respiratorias, adem\u00e1s de ser un buen digestivo.<\/p>\n<p>Disponible en botes de 500g y 990g.<\/p>\n","protected":false},"featured_media":3229,"template":"","meta":[],"product_brand":[],"product_cat":[45],"product_tag":[],"class_list":{"0":"post-3780","1":"product","2":"type-product","3":"status-publish","4":"has-post-thumbnail","6":"product_cat-miel-y-polen","8":"first","9":"instock","10":"featured","11":"taxable","12":"shipping-taxable","13":"purchasable","14":"product-type-variable"},"yoast_head":"<!-- This site is optimized with the Yoast SEO plugin v27.2 - https:\/\/yoast.com\/product\/yoast-seo-wordpress\/ -->\n<title>Miel de romero artesanal del Bergued\u00e0<\/title>\n<meta name=\"description\" content=\"Miel pura de romero del Bergued\u00e0 con gusto intenso y propiedades naturales para la salud.\" \/>\n<meta name=\"robots\" content=\"index, follow, max-snippet:-1, max-image-preview:large, max-video-preview:-1\" \/>\n<link rel=\"canonical\" href=\"https:\/\/mellacaseta.cat\/es\/producte\/miel-de-romero\/\" \/>\n<meta property=\"og:locale\" content=\"es_ES\" \/>\n<meta property=\"og:type\" content=\"article\" \/>\n<meta property=\"og:title\" content=\"Miel de romero artesanal del Bergued\u00e0\" \/>\n<meta property=\"og:description\" content=\"Miel pura de romero del Bergued\u00e0 con gusto intenso y propiedades naturales para la salud.\" \/>\n<meta property=\"og:url\" content=\"https:\/\/mellacaseta.cat\/es\/producte\/miel-de-romero\/\" \/>\n<meta property=\"og:site_name\" content=\"Mel La Caseta\" \/>\n<meta property=\"article:modified_time\" content=\"2025-12-18T09:01:15+00:00\" \/>\n<meta property=\"og:image\" content=\"https:\/\/mellacaseta.cat\/wp-content\/uploads\/2024\/11\/mel-la-caseta-026-e1736762313799.jpg\" \/>\n\t<meta property=\"og:image:width\" content=\"1667\" \/>\n\t<meta property=\"og:image:height\" content=\"1667\" \/>\n\t<meta property=\"og:image:type\" content=\"image\/jpeg\" \/>\n<meta name=\"twitter:card\" content=\"summary_large_image\" \/>\n<meta name=\"twitter:label1\" content=\"Tiempo de lectura\" \/>\n\t<meta name=\"twitter:data1\" content=\"1 minuto\" \/>\n<script type=\"application\/ld+json\" class=\"yoast-schema-graph\">{\"@context\":\"https:\/\/schema.org\",\"@graph\":[{\"@type\":\"WebPage\",\"@id\":\"https:\/\/mellacaseta.cat\/es\/producte\/miel-de-romero\/\",\"url\":\"https:\/\/mellacaseta.cat\/es\/producte\/miel-de-romero\/\",\"name\":\"Miel de romero artesanal del Bergued\u00e0\",\"isPartOf\":{\"@id\":\"https:\/\/mellacaseta.cat\/es\/#website\"},\"primaryImageOfPage\":{\"@id\":\"https:\/\/mellacaseta.cat\/es\/producte\/miel-de-romero\/#primaryimage\"},\"image\":{\"@id\":\"https:\/\/mellacaseta.cat\/es\/producte\/miel-de-romero\/#primaryimage\"},\"thumbnailUrl\":\"https:\/\/mellacaseta.cat\/wp-content\/uploads\/2024\/11\/mel-la-caseta-026-e1736762313799.jpg\",\"datePublished\":\"2025-12-18T08:59:01+00:00\",\"dateModified\":\"2025-12-18T09:01:15+00:00\",\"description\":\"Miel pura de romero del Bergued\u00e0 con gusto intenso y propiedades naturales para la salud.\",\"breadcrumb\":{\"@id\":\"https:\/\/mellacaseta.cat\/es\/producte\/miel-de-romero\/#breadcrumb\"},\"inLanguage\":\"es\",\"potentialAction\":[{\"@type\":\"ReadAction\",\"target\":[\"https:\/\/mellacaseta.cat\/es\/producte\/miel-de-romero\/\"]}]},{\"@type\":\"ImageObject\",\"inLanguage\":\"es\",\"@id\":\"https:\/\/mellacaseta.cat\/es\/producte\/miel-de-romero\/#primaryimage\",\"url\":\"https:\/\/mellacaseta.cat\/wp-content\/uploads\/2024\/11\/mel-la-caseta-026-e1736762313799.jpg\",\"contentUrl\":\"https:\/\/mellacaseta.cat\/wp-content\/uploads\/2024\/11\/mel-la-caseta-026-e1736762313799.jpg\",\"width\":1667,\"height\":1667,\"caption\":\"Mel La Caseta\"},{\"@type\":\"BreadcrumbList\",\"@id\":\"https:\/\/mellacaseta.cat\/es\/producte\/miel-de-romero\/#breadcrumb\",\"itemListElement\":[{\"@type\":\"ListItem\",\"position\":1,\"name\":\"Inici\",\"item\":\"https:\/\/mellacaseta.cat\/es\/inicio\/\"},{\"@type\":\"ListItem\",\"position\":2,\"name\":\"Productos\",\"item\":\"https:\/\/mellacaseta.cat\/es\/shop\/\"},{\"@type\":\"ListItem\",\"position\":3,\"name\":\"Miel de Romero\"}]},{\"@type\":\"WebSite\",\"@id\":\"https:\/\/mellacaseta.cat\/es\/#website\",\"url\":\"https:\/\/mellacaseta.cat\/es\/\",\"name\":\"Mel La Caseta\",\"description\":\"Mel 100% artesanal al cor del Bergued\u00e0\",\"potentialAction\":[{\"@type\":\"SearchAction\",\"target\":{\"@type\":\"EntryPoint\",\"urlTemplate\":\"https:\/\/mellacaseta.cat\/es\/?s={search_term_string}\"},\"query-input\":{\"@type\":\"PropertyValueSpecification\",\"valueRequired\":true,\"valueName\":\"search_term_string\"}}],\"inLanguage\":\"es\"}]}<\/script>\n<!-- \/ Yoast SEO plugin. -->","yoast_head_json":{"title":"Miel de romero artesanal del Bergued\u00e0","description":"Miel pura de romero del Bergued\u00e0 con gusto intenso y propiedades naturales para la salud.","robots":{"index":"index","follow":"follow","max-snippet":"max-snippet:-1","max-image-preview":"max-image-preview:large","max-video-preview":"max-video-preview:-1"},"canonical":"https:\/\/mellacaseta.cat\/es\/producte\/miel-de-romero\/","og_locale":"es_ES","og_type":"article","og_title":"Miel de romero artesanal del Bergued\u00e0","og_description":"Miel pura de romero del Bergued\u00e0 con gusto intenso y propiedades naturales para la salud.","og_url":"https:\/\/mellacaseta.cat\/es\/producte\/miel-de-romero\/","og_site_name":"Mel La Caseta","article_modified_time":"2025-12-18T09:01:15+00:00","og_image":[{"width":1667,"height":1667,"url":"https:\/\/mellacaseta.cat\/wp-content\/uploads\/2024\/11\/mel-la-caseta-026-e1736762313799.jpg","type":"image\/jpeg"}],"twitter_card":"summary_large_image","twitter_misc":{"Tiempo de lectura":"1 minuto"},"schema":{"@context":"https:\/\/schema.org","@graph":[{"@type":"WebPage","@id":"https:\/\/mellacaseta.cat\/es\/producte\/miel-de-romero\/","url":"https:\/\/mellacaseta.cat\/es\/producte\/miel-de-romero\/","name":"Miel de romero artesanal del Bergued\u00e0","isPartOf":{"@id":"https:\/\/mellacaseta.cat\/es\/#website"},"primaryImageOfPage":{"@id":"https:\/\/mellacaseta.cat\/es\/producte\/miel-de-romero\/#primaryimage"},"image":{"@id":"https:\/\/mellacaseta.cat\/es\/producte\/miel-de-romero\/#primaryimage"},"thumbnailUrl":"https:\/\/mellacaseta.cat\/wp-content\/uploads\/2024\/11\/mel-la-caseta-026-e1736762313799.jpg","datePublished":"2025-12-18T08:59:01+00:00","dateModified":"2025-12-18T09:01:15+00:00","description":"Miel pura de romero del Bergued\u00e0 con gusto intenso y propiedades naturales para la salud.","breadcrumb":{"@id":"https:\/\/mellacaseta.cat\/es\/producte\/miel-de-romero\/#breadcrumb"},"inLanguage":"es","potentialAction":[{"@type":"ReadAction","target":["https:\/\/mellacaseta.cat\/es\/producte\/miel-de-romero\/"]}]},{"@type":"ImageObject","inLanguage":"es","@id":"https:\/\/mellacaseta.cat\/es\/producte\/miel-de-romero\/#primaryimage","url":"https:\/\/mellacaseta.cat\/wp-content\/uploads\/2024\/11\/mel-la-caseta-026-e1736762313799.jpg","contentUrl":"https:\/\/mellacaseta.cat\/wp-content\/uploads\/2024\/11\/mel-la-caseta-026-e1736762313799.jpg","width":1667,"height":1667,"caption":"Mel La Caseta"},{"@type":"BreadcrumbList","@id":"https:\/\/mellacaseta.cat\/es\/producte\/miel-de-romero\/#breadcrumb","itemListElement":[{"@type":"ListItem","position":1,"name":"Inici","item":"https:\/\/mellacaseta.cat\/es\/inicio\/"},{"@type":"ListItem","position":2,"name":"Productos","item":"https:\/\/mellacaseta.cat\/es\/shop\/"},{"@type":"ListItem","position":3,"name":"Miel de Romero"}]},{"@type":"WebSite","@id":"https:\/\/mellacaseta.cat\/es\/#website","url":"https:\/\/mellacaseta.cat\/es\/","name":"Mel La Caseta","description":"Mel 100% artesanal al cor del Bergued\u00e0","potentialAction":[{"@type":"SearchAction","target":{"@type":"EntryPoint","urlTemplate":"https:\/\/mellacaseta.cat\/es\/?s={search_term_string}"},"query-input":{"@type":"PropertyValueSpecification","valueRequired":true,"valueName":"search_term_string"}}],"inLanguage":"es"}]}},"_links":{"self":[{"href":"https:\/\/mellacaseta.cat\/es\/wp-json\/wp\/v2\/product\/3780","targetHints":{"allow":["GET"]}}],"collection":[{"href":"https:\/\/mellacaseta.cat\/es\/wp-json\/wp\/v2\/product"}],"about":[{"href":"https:\/\/mellacaseta.cat\/es\/wp-json\/wp\/v2\/types\/product"}],"wp:featuredmedia":[{"embeddable":true,"href":"https:\/\/mellacaseta.cat\/es\/wp-json\/wp\/v2\/media\/3229"}],"wp:attachment":[{"href":"https:\/\/mellacaseta.cat\/es\/wp-json\/wp\/v2\/media?parent=3780"}],"wp:term":[{"taxonomy":"product_brand","embeddable":true,"href":"https:\/\/mellacaseta.cat\/es\/wp-json\/wp\/v2\/product_brand?post=3780"},{"taxonomy":"product_cat","embeddable":true,"href":"https:\/\/mellacaseta.cat\/es\/wp-json\/wp\/v2\/product_cat?post=3780"},{"taxonomy":"product_tag","embeddable":true,"href":"https:\/\/mellacaseta.cat\/es\/wp-json\/wp\/v2\/product_tag?post=3780"}],"curies":[{"name":"wp","href":"https:\/\/api.w.org\/{rel}","templated":true}]}}

<p>Nuestra miel de romero es elaborada en primavera en el bajo berguedá. Es la miel estrella de nuestro país. De carácter suave con un sabor muy característico con notas ácidas.</p>
<p>La miel de romero es un alimento natural ideal para el tratamiento externo de distintas afecciones y problemas de piel, ayuda a combatir enfermedades respiratorias, gracias a sus cualidades expectorantes, antisépticas y balsámicas. Estimula y depura el hígado y es un maravilloso digestivo.</p>
<p><strong>Zona de producción:</strong> Berguedà</p>
<p><strong>Época de producción:</strong> Finales de primavera &#8211; principios de verano</p>

<p>La miel de romero del bajo Berguedà es suave y delicada, con un sabor único y notas ácidas. Es ideal para problemas de piel y enfermedades respiratorias, además de ser un buen digestivo.</p>
<p>Disponible en botes de 500g y 990g.</p>

<!-- This site is optimized with the Yoast SEO plugin v27.2 - https://yoast.com/product/yoast-seo-wordpress/ -->
<title>Miel de romero artesanal del Berguedà</title>
<meta name="description" content="Miel pura de romero del Berguedà con gusto intenso y propiedades naturales para la salud." />
<meta name="robots" content="index, follow, max-snippet:-1, max-image-preview:large, max-video-preview:-1" />
<link rel="canonical" href="https://mellacaseta.cat/es/producte/miel-de-romero/" />
<meta property="og:locale" content="es_ES" />
<meta property="og:type" content="article" />
<meta property="og:title" content="Miel de romero artesanal del Berguedà" />
<meta property="og:description" content="Miel pura de romero del Berguedà con gusto intenso y propiedades naturales para la salud." />
<meta property="og:url" content="https://mellacaseta.cat/es/producte/miel-de-romero/" />
<meta property="og:site_name" content="Mel La Caseta" />
<meta property="article:modified_time" content="2025-12-18T09:01:15+00:00" />
<meta property="og:image" content="https://mellacaseta.cat/wp-content/uploads/2024/11/mel-la-caseta-026-e1736762313799.jpg" />
	<meta property="og:image:width" content="1667" />
	<meta property="og:image:height" content="1667" />
	<meta property="og:image:type" content="image/jpeg" />
<meta name="twitter:card" content="summary_large_image" />
<meta name="twitter:label1" content="Tiempo de lectura" />
	<meta name="twitter:data1" content="1 minuto" />
<script type="application/ld+json" class="yoast-schema-graph">{"@context":"https://schema.org","@graph":[{"@type":"WebPage","@id":"https://mellacaseta.cat/es/producte/miel-de-romero/","url":"https://mellacaseta.cat/es/producte/miel-de-romero/","name":"Miel de romero artesanal del Berguedà","isPartOf":{"@id":"https://mellacaseta.cat/es/#website"},"primaryImageOfPage":{"@id":"https://mellacaseta.cat/es/producte/miel-de-romero/#primaryimage"},"image":{"@id":"https://mellacaseta.cat/es/producte/miel-de-romero/#primaryimage"},"thumbnailUrl":"https://mellacaseta.cat/wp-content/uploads/2024/11/mel-la-caseta-026-e1736762313799.jpg","datePublished":"2025-12-18T08:59:01+00:00","dateModified":"2025-12-18T09:01:15+00:00","description":"Miel pura de romero del Berguedà con gusto intenso y propiedades naturales para la salud.","breadcrumb":{"@id":"https://mellacaseta.cat/es/producte/miel-de-romero/#breadcrumb"},"inLanguage":"es","potentialAction":[{"@type":"ReadAction","target":["https://mellacaseta.cat/es/producte/miel-de-romero/"]}]},{"@type":"ImageObject","inLanguage":"es","@id":"https://mellacaseta.cat/es/producte/miel-de-romero/#primaryimage","url":"https://mellacaseta.cat/wp-content/uploads/2024/11/mel-la-caseta-026-e1736762313799.jpg","contentUrl":"https://mellacaseta.cat/wp-content/uploads/2024/11/mel-la-caseta-026-e1736762313799.jpg","width":1667,"height":1667,"caption":"Mel La Caseta"},{"@type":"BreadcrumbList","@id":"https://mellacaseta.cat/es/producte/miel-de-romero/#breadcrumb","itemListElement":[{"@type":"ListItem","position":1,"name":"Inici","item":"https://mellacaseta.cat/es/inicio/"},{"@type":"ListItem","position":2,"name":"Productos","item":"https://mellacaseta.cat/es/shop/"},{"@type":"ListItem","position":3,"name":"Miel de Romero"}]},{"@type":"WebSite","@id":"https://mellacaseta.cat/es/#website","url":"https://mellacaseta.cat/es/","name":"Mel La Caseta","description":"Mel 100% artesanal al cor del Berguedà","potentialAction":[{"@type":"SearchAction","target":{"@type":"EntryPoint","urlTemplate":"https://mellacaseta.cat/es/?s={search_term_string}"},"query-input":{"@type":"PropertyValueSpecification","valueRequired":true,"valueName":"search_term_string"}}],"inLanguage":"es"}]}</script>
<!-- / Yoast SEO plugin. -->

Miel de romero artesanal del Berguedà

Miel pura de romero del Berguedà con gusto intenso y propiedades naturales para la salud.

Mel 100% artesanal al cor del Berguedà
