{"id":3764,"date":"2025-12-18T09:54:01","date_gmt":"2025-12-18T08:54:01","guid":{"rendered":"https:\/\/mellacaseta.cat\/?post_type=product&#038;p=3764"},"modified":"2025-12-18T09:57:03","modified_gmt":"2025-12-18T08:57:03","slug":"miel-de-milflores","status":"publish","type":"product","link":"https:\/\/mellacaseta.cat\/es\/producte\/miel-de-milflores\/","title":{"rendered":"Miel de Milflores"},"content":{"rendered":"<p>Nuestra miel de Milflors est\u00e1 elaborada a finales de primavera y principios de verano en la comarca del Bergued\u00e0. De gusto potente e intenso, ideal para los amantes de las mieles con car\u00e1cter.<\/p>\n<p>La miel de milflores es un alimento natural ideal por sus propiedades antiinflamatorias, antibacterianas, antioxidantes, antis\u00e9pticas y astringentes. Es rica en \u00e1cidos org\u00e1nicos, vitaminas y minerales. Ayuda a prevenir la acidez de est\u00f3mago y favorece el proceso digestivo. Ayuda a la cicatrizaci\u00f3n de la piel.<\/p>\n<p><strong>Zona de producci\u00f3n:<\/strong> Bergued\u00e0<\/p>\n<p><strong>\u00c9poca de producci\u00f3n:<\/strong> Finales de primavera &#8211; principios de verano<\/p>\n","protected":false},"excerpt":{"rendered":"<p>La miel de Milflors del Bergued\u00e0, con un sabor potente e intenso, destaca por sus propiedades antiinflamatorias, antioxidantes y digestivas, siendo ideal para la salud y la cicatrizaci\u00f3n de la piel.<\/p>\n<p>Disponible en botes de 500g y 990g.<\/p>\n","protected":false},"featured_media":3228,"template":"","meta":[],"product_brand":[],"product_cat":[45],"product_tag":[],"class_list":{"0":"post-3764","1":"product","2":"type-product","3":"status-publish","4":"has-post-thumbnail","6":"product_cat-miel-y-polen","8":"first","9":"instock","10":"taxable","11":"shipping-taxable","12":"purchasable","13":"product-type-variable"},"yoast_head":"<!-- This site is optimized with the Yoast SEO plugin v27.2 - https:\/\/yoast.com\/product\/yoast-seo-wordpress\/ -->\n<title>Miel de milflores artesanal del Bergued\u00e0<\/title>\n<meta name=\"description\" content=\"Miel de m\u00faltiples flores recolectada artesanalmente en el Bergued\u00e0. Sabor suave y natural.\" \/>\n<meta name=\"robots\" content=\"index, follow, max-snippet:-1, max-image-preview:large, max-video-preview:-1\" \/>\n<link rel=\"canonical\" href=\"https:\/\/mellacaseta.cat\/es\/producte\/miel-de-milflores\/\" \/>\n<meta property=\"og:locale\" content=\"es_ES\" \/>\n<meta property=\"og:type\" content=\"article\" \/>\n<meta property=\"og:title\" content=\"Miel de milflores artesanal del Bergued\u00e0\" \/>\n<meta property=\"og:description\" content=\"Miel de m\u00faltiples flores recolectada artesanalmente en el Bergued\u00e0. Sabor suave y natural.\" \/>\n<meta property=\"og:url\" content=\"https:\/\/mellacaseta.cat\/es\/producte\/miel-de-milflores\/\" \/>\n<meta property=\"og:site_name\" content=\"Mel La Caseta\" \/>\n<meta property=\"article:modified_time\" content=\"2025-12-18T08:57:03+00:00\" \/>\n<meta property=\"og:image\" content=\"https:\/\/mellacaseta.cat\/wp-content\/uploads\/2024\/11\/mel-la-caseta-013-e1736762428915.jpg\" \/>\n\t<meta property=\"og:image:width\" content=\"1667\" \/>\n\t<meta property=\"og:image:height\" content=\"1667\" \/>\n\t<meta property=\"og:image:type\" content=\"image\/jpeg\" \/>\n<meta name=\"twitter:card\" content=\"summary_large_image\" \/>\n<meta name=\"twitter:label1\" content=\"Tiempo de lectura\" \/>\n\t<meta name=\"twitter:data1\" content=\"1 minuto\" \/>\n<script type=\"application\/ld+json\" class=\"yoast-schema-graph\">{\"@context\":\"https:\/\/schema.org\",\"@graph\":[{\"@type\":\"WebPage\",\"@id\":\"https:\/\/mellacaseta.cat\/es\/producte\/miel-de-milflores\/\",\"url\":\"https:\/\/mellacaseta.cat\/es\/producte\/miel-de-milflores\/\",\"name\":\"Miel de milflores artesanal del Bergued\u00e0\",\"isPartOf\":{\"@id\":\"https:\/\/mellacaseta.cat\/es\/#website\"},\"primaryImageOfPage\":{\"@id\":\"https:\/\/mellacaseta.cat\/es\/producte\/miel-de-milflores\/#primaryimage\"},\"image\":{\"@id\":\"https:\/\/mellacaseta.cat\/es\/producte\/miel-de-milflores\/#primaryimage\"},\"thumbnailUrl\":\"https:\/\/mellacaseta.cat\/wp-content\/uploads\/2024\/11\/mel-la-caseta-013-e1736762428915.jpg\",\"datePublished\":\"2025-12-18T08:54:01+00:00\",\"dateModified\":\"2025-12-18T08:57:03+00:00\",\"description\":\"Miel de m\u00faltiples flores recolectada artesanalmente en el Bergued\u00e0. Sabor suave y natural.\",\"breadcrumb\":{\"@id\":\"https:\/\/mellacaseta.cat\/es\/producte\/miel-de-milflores\/#breadcrumb\"},\"inLanguage\":\"es\",\"potentialAction\":[{\"@type\":\"ReadAction\",\"target\":[\"https:\/\/mellacaseta.cat\/es\/producte\/miel-de-milflores\/\"]}]},{\"@type\":\"ImageObject\",\"inLanguage\":\"es\",\"@id\":\"https:\/\/mellacaseta.cat\/es\/producte\/miel-de-milflores\/#primaryimage\",\"url\":\"https:\/\/mellacaseta.cat\/wp-content\/uploads\/2024\/11\/mel-la-caseta-013-e1736762428915.jpg\",\"contentUrl\":\"https:\/\/mellacaseta.cat\/wp-content\/uploads\/2024\/11\/mel-la-caseta-013-e1736762428915.jpg\",\"width\":1667,\"height\":1667,\"caption\":\"Mel La Caseta\"},{\"@type\":\"BreadcrumbList\",\"@id\":\"https:\/\/mellacaseta.cat\/es\/producte\/miel-de-milflores\/#breadcrumb\",\"itemListElement\":[{\"@type\":\"ListItem\",\"position\":1,\"name\":\"Inici\",\"item\":\"https:\/\/mellacaseta.cat\/es\/inicio\/\"},{\"@type\":\"ListItem\",\"position\":2,\"name\":\"Productos\",\"item\":\"https:\/\/mellacaseta.cat\/es\/shop\/\"},{\"@type\":\"ListItem\",\"position\":3,\"name\":\"Miel de Milflores\"}]},{\"@type\":\"WebSite\",\"@id\":\"https:\/\/mellacaseta.cat\/es\/#website\",\"url\":\"https:\/\/mellacaseta.cat\/es\/\",\"name\":\"Mel La Caseta\",\"description\":\"Mel 100% artesanal al cor del Bergued\u00e0\",\"potentialAction\":[{\"@type\":\"SearchAction\",\"target\":{\"@type\":\"EntryPoint\",\"urlTemplate\":\"https:\/\/mellacaseta.cat\/es\/?s={search_term_string}\"},\"query-input\":{\"@type\":\"PropertyValueSpecification\",\"valueRequired\":true,\"valueName\":\"search_term_string\"}}],\"inLanguage\":\"es\"}]}<\/script>\n<!-- \/ Yoast SEO plugin. -->","yoast_head_json":{"title":"Miel de milflores artesanal del Bergued\u00e0","description":"Miel de m\u00faltiples flores recolectada artesanalmente en el Bergued\u00e0. Sabor suave y natural.","robots":{"index":"index","follow":"follow","max-snippet":"max-snippet:-1","max-image-preview":"max-image-preview:large","max-video-preview":"max-video-preview:-1"},"canonical":"https:\/\/mellacaseta.cat\/es\/producte\/miel-de-milflores\/","og_locale":"es_ES","og_type":"article","og_title":"Miel de milflores artesanal del Bergued\u00e0","og_description":"Miel de m\u00faltiples flores recolectada artesanalmente en el Bergued\u00e0. Sabor suave y natural.","og_url":"https:\/\/mellacaseta.cat\/es\/producte\/miel-de-milflores\/","og_site_name":"Mel La Caseta","article_modified_time":"2025-12-18T08:57:03+00:00","og_image":[{"width":1667,"height":1667,"url":"https:\/\/mellacaseta.cat\/wp-content\/uploads\/2024\/11\/mel-la-caseta-013-e1736762428915.jpg","type":"image\/jpeg"}],"twitter_card":"summary_large_image","twitter_misc":{"Tiempo de lectura":"1 minuto"},"schema":{"@context":"https:\/\/schema.org","@graph":[{"@type":"WebPage","@id":"https:\/\/mellacaseta.cat\/es\/producte\/miel-de-milflores\/","url":"https:\/\/mellacaseta.cat\/es\/producte\/miel-de-milflores\/","name":"Miel de milflores artesanal del Bergued\u00e0","isPartOf":{"@id":"https:\/\/mellacaseta.cat\/es\/#website"},"primaryImageOfPage":{"@id":"https:\/\/mellacaseta.cat\/es\/producte\/miel-de-milflores\/#primaryimage"},"image":{"@id":"https:\/\/mellacaseta.cat\/es\/producte\/miel-de-milflores\/#primaryimage"},"thumbnailUrl":"https:\/\/mellacaseta.cat\/wp-content\/uploads\/2024\/11\/mel-la-caseta-013-e1736762428915.jpg","datePublished":"2025-12-18T08:54:01+00:00","dateModified":"2025-12-18T08:57:03+00:00","description":"Miel de m\u00faltiples flores recolectada artesanalmente en el Bergued\u00e0. Sabor suave y natural.","breadcrumb":{"@id":"https:\/\/mellacaseta.cat\/es\/producte\/miel-de-milflores\/#breadcrumb"},"inLanguage":"es","potentialAction":[{"@type":"ReadAction","target":["https:\/\/mellacaseta.cat\/es\/producte\/miel-de-milflores\/"]}]},{"@type":"ImageObject","inLanguage":"es","@id":"https:\/\/mellacaseta.cat\/es\/producte\/miel-de-milflores\/#primaryimage","url":"https:\/\/mellacaseta.cat\/wp-content\/uploads\/2024\/11\/mel-la-caseta-013-e1736762428915.jpg","contentUrl":"https:\/\/mellacaseta.cat\/wp-content\/uploads\/2024\/11\/mel-la-caseta-013-e1736762428915.jpg","width":1667,"height":1667,"caption":"Mel La Caseta"},{"@type":"BreadcrumbList","@id":"https:\/\/mellacaseta.cat\/es\/producte\/miel-de-milflores\/#breadcrumb","itemListElement":[{"@type":"ListItem","position":1,"name":"Inici","item":"https:\/\/mellacaseta.cat\/es\/inicio\/"},{"@type":"ListItem","position":2,"name":"Productos","item":"https:\/\/mellacaseta.cat\/es\/shop\/"},{"@type":"ListItem","position":3,"name":"Miel de Milflores"}]},{"@type":"WebSite","@id":"https:\/\/mellacaseta.cat\/es\/#website","url":"https:\/\/mellacaseta.cat\/es\/","name":"Mel La Caseta","description":"Mel 100% artesanal al cor del Bergued\u00e0","potentialAction":[{"@type":"SearchAction","target":{"@type":"EntryPoint","urlTemplate":"https:\/\/mellacaseta.cat\/es\/?s={search_term_string}"},"query-input":{"@type":"PropertyValueSpecification","valueRequired":true,"valueName":"search_term_string"}}],"inLanguage":"es"}]}},"_links":{"self":[{"href":"https:\/\/mellacaseta.cat\/es\/wp-json\/wp\/v2\/product\/3764","targetHints":{"allow":["GET"]}}],"collection":[{"href":"https:\/\/mellacaseta.cat\/es\/wp-json\/wp\/v2\/product"}],"about":[{"href":"https:\/\/mellacaseta.cat\/es\/wp-json\/wp\/v2\/types\/product"}],"wp:featuredmedia":[{"embeddable":true,"href":"https:\/\/mellacaseta.cat\/es\/wp-json\/wp\/v2\/media\/3228"}],"wp:attachment":[{"href":"https:\/\/mellacaseta.cat\/es\/wp-json\/wp\/v2\/media?parent=3764"}],"wp:term":[{"taxonomy":"product_brand","embeddable":true,"href":"https:\/\/mellacaseta.cat\/es\/wp-json\/wp\/v2\/product_brand?post=3764"},{"taxonomy":"product_cat","embeddable":true,"href":"https:\/\/mellacaseta.cat\/es\/wp-json\/wp\/v2\/product_cat?post=3764"},{"taxonomy":"product_tag","embeddable":true,"href":"https:\/\/mellacaseta.cat\/es\/wp-json\/wp\/v2\/product_tag?post=3764"}],"curies":[{"name":"wp","href":"https:\/\/api.w.org\/{rel}","templated":true}]}}

<p>Nuestra miel de Milflors está elaborada a finales de primavera y principios de verano en la comarca del Berguedà. De gusto potente e intenso, ideal para los amantes de las mieles con carácter.</p>
<p>La miel de milflores es un alimento natural ideal por sus propiedades antiinflamatorias, antibacterianas, antioxidantes, antisépticas y astringentes. Es rica en ácidos orgánicos, vitaminas y minerales. Ayuda a prevenir la acidez de estómago y favorece el proceso digestivo. Ayuda a la cicatrización de la piel.</p>
<p><strong>Zona de producción:</strong> Berguedà</p>
<p><strong>Época de producción:</strong> Finales de primavera &#8211; principios de verano</p>

<p>La miel de Milflors del Berguedà, con un sabor potente e intenso, destaca por sus propiedades antiinflamatorias, antioxidantes y digestivas, siendo ideal para la salud y la cicatrización de la piel.</p>
<p>Disponible en botes de 500g y 990g.</p>

<!-- This site is optimized with the Yoast SEO plugin v27.2 - https://yoast.com/product/yoast-seo-wordpress/ -->
<title>Miel de milflores artesanal del Berguedà</title>
<meta name="description" content="Miel de múltiples flores recolectada artesanalmente en el Berguedà. Sabor suave y natural." />
<meta name="robots" content="index, follow, max-snippet:-1, max-image-preview:large, max-video-preview:-1" />
<link rel="canonical" href="https://mellacaseta.cat/es/producte/miel-de-milflores/" />
<meta property="og:locale" content="es_ES" />
<meta property="og:type" content="article" />
<meta property="og:title" content="Miel de milflores artesanal del Berguedà" />
<meta property="og:description" content="Miel de múltiples flores recolectada artesanalmente en el Berguedà. Sabor suave y natural." />
<meta property="og:url" content="https://mellacaseta.cat/es/producte/miel-de-milflores/" />
<meta property="og:site_name" content="Mel La Caseta" />
<meta property="article:modified_time" content="2025-12-18T08:57:03+00:00" />
<meta property="og:image" content="https://mellacaseta.cat/wp-content/uploads/2024/11/mel-la-caseta-013-e1736762428915.jpg" />
	<meta property="og:image:width" content="1667" />
	<meta property="og:image:height" content="1667" />
	<meta property="og:image:type" content="image/jpeg" />
<meta name="twitter:card" content="summary_large_image" />
<meta name="twitter:label1" content="Tiempo de lectura" />
	<meta name="twitter:data1" content="1 minuto" />
<script type="application/ld+json" class="yoast-schema-graph">{"@context":"https://schema.org","@graph":[{"@type":"WebPage","@id":"https://mellacaseta.cat/es/producte/miel-de-milflores/","url":"https://mellacaseta.cat/es/producte/miel-de-milflores/","name":"Miel de milflores artesanal del Berguedà","isPartOf":{"@id":"https://mellacaseta.cat/es/#website"},"primaryImageOfPage":{"@id":"https://mellacaseta.cat/es/producte/miel-de-milflores/#primaryimage"},"image":{"@id":"https://mellacaseta.cat/es/producte/miel-de-milflores/#primaryimage"},"thumbnailUrl":"https://mellacaseta.cat/wp-content/uploads/2024/11/mel-la-caseta-013-e1736762428915.jpg","datePublished":"2025-12-18T08:54:01+00:00","dateModified":"2025-12-18T08:57:03+00:00","description":"Miel de múltiples flores recolectada artesanalmente en el Berguedà. Sabor suave y natural.","breadcrumb":{"@id":"https://mellacaseta.cat/es/producte/miel-de-milflores/#breadcrumb"},"inLanguage":"es","potentialAction":[{"@type":"ReadAction","target":["https://mellacaseta.cat/es/producte/miel-de-milflores/"]}]},{"@type":"ImageObject","inLanguage":"es","@id":"https://mellacaseta.cat/es/producte/miel-de-milflores/#primaryimage","url":"https://mellacaseta.cat/wp-content/uploads/2024/11/mel-la-caseta-013-e1736762428915.jpg","contentUrl":"https://mellacaseta.cat/wp-content/uploads/2024/11/mel-la-caseta-013-e1736762428915.jpg","width":1667,"height":1667,"caption":"Mel La Caseta"},{"@type":"BreadcrumbList","@id":"https://mellacaseta.cat/es/producte/miel-de-milflores/#breadcrumb","itemListElement":[{"@type":"ListItem","position":1,"name":"Inici","item":"https://mellacaseta.cat/es/inicio/"},{"@type":"ListItem","position":2,"name":"Productos","item":"https://mellacaseta.cat/es/shop/"},{"@type":"ListItem","position":3,"name":"Miel de Milflores"}]},{"@type":"WebSite","@id":"https://mellacaseta.cat/es/#website","url":"https://mellacaseta.cat/es/","name":"Mel La Caseta","description":"Mel 100% artesanal al cor del Berguedà","potentialAction":[{"@type":"SearchAction","target":{"@type":"EntryPoint","urlTemplate":"https://mellacaseta.cat/es/?s={search_term_string}"},"query-input":{"@type":"PropertyValueSpecification","valueRequired":true,"valueName":"search_term_string"}}],"inLanguage":"es"}]}</script>
<!-- / Yoast SEO plugin. -->

Miel de milflores artesanal del Berguedà

Miel de múltiples flores recolectada artesanalmente en el Berguedà. Sabor suave y natural.

Mel 100% artesanal al cor del Berguedà
