{"id":3222,"date":"2024-08-23T11:02:22","date_gmt":"2024-08-23T09:02:22","guid":{"rendered":"https:\/\/mellacaseta.cat\/producte\/polen\/"},"modified":"2025-12-18T10:37:39","modified_gmt":"2025-12-18T09:37:39","slug":"polen","status":"publish","type":"product","link":"https:\/\/mellacaseta.cat\/es\/producte\/polen\/","title":{"rendered":"Polen"},"content":{"rendered":"<p>Nuestro polen est\u00e1 recolectado en el Bergued\u00e0 entre la primavera y el verano. El polen es un alimento natural considerado un superalimento puesto que contiene todos los amino\u00e1cidos esenciales para nuestro organismo y adem\u00e1s es rico en vitaminas, minerales y \u00e1cidos grasos.<\/p>\n<p>Es excelente por el crecimiento f\u00edsico e intelectual de los ni\u00f1os y refuerza el sistema inmunol\u00f3gico. Mejora la salud de la piel, la vista y tambi\u00e9n la de la pr\u00f3stata. Ayuda a combatir problemas con la menstruaci\u00f3n y derivados de la menopausia.<\/p>\n","protected":false},"excerpt":{"rendered":"<p>El polen es un superalimento rico en nutrientes esenciales como vitaminas y antioxidantes, ideal para complementar una dieta saludable. Puedes a\u00f1adirlo f\u00e1cilmente a batidos, yogures o cereales para potenciar tu salud de forma deliciosa.<\/p>\n<p>Disponible en tarro de 225g.<\/p>\n","protected":false},"featured_media":3225,"template":"","meta":[],"product_brand":[],"product_cat":[45],"product_tag":[],"class_list":{"0":"post-3222","1":"product","2":"type-product","3":"status-publish","4":"has-post-thumbnail","6":"product_cat-miel-y-polen","8":"first","9":"instock","10":"featured","11":"taxable","12":"shipping-taxable","13":"purchasable","14":"product-type-simple"},"yoast_head":"<!-- This site is optimized with the Yoast SEO plugin v27.2 - https:\/\/yoast.com\/product\/yoast-seo-wordpress\/ -->\n<title>Polen fresco del Bergued\u00e0 en bote de vidrio<\/title>\n<meta name=\"description\" content=\"Suplemento natural con polen fresco recolectado artesanalmente de las colmenas del Bergued\u00e0.\" \/>\n<meta name=\"robots\" content=\"index, follow, max-snippet:-1, max-image-preview:large, max-video-preview:-1\" \/>\n<link rel=\"canonical\" href=\"https:\/\/mellacaseta.cat\/es\/producte\/polen\/\" \/>\n<meta property=\"og:locale\" content=\"es_ES\" \/>\n<meta property=\"og:type\" content=\"article\" \/>\n<meta property=\"og:title\" content=\"Polen fresco del Bergued\u00e0 en bote de vidrio\" \/>\n<meta property=\"og:description\" content=\"Suplemento natural con polen fresco recolectado artesanalmente de las colmenas del Bergued\u00e0.\" \/>\n<meta property=\"og:url\" content=\"https:\/\/mellacaseta.cat\/es\/producte\/polen\/\" \/>\n<meta property=\"og:site_name\" content=\"Mel La Caseta\" \/>\n<meta property=\"article:modified_time\" content=\"2025-12-18T09:37:39+00:00\" \/>\n<meta property=\"og:image\" content=\"https:\/\/mellacaseta.cat\/wp-content\/uploads\/2024\/11\/mel-la-caseta-034-e1736762518328.jpg\" \/>\n\t<meta property=\"og:image:width\" content=\"1517\" \/>\n\t<meta property=\"og:image:height\" content=\"1517\" \/>\n\t<meta property=\"og:image:type\" content=\"image\/jpeg\" \/>\n<meta name=\"twitter:card\" content=\"summary_large_image\" \/>\n<meta name=\"twitter:label1\" content=\"Tiempo de lectura\" \/>\n\t<meta name=\"twitter:data1\" content=\"1 minuto\" \/>\n<script type=\"application\/ld+json\" class=\"yoast-schema-graph\">{\"@context\":\"https:\/\/schema.org\",\"@graph\":[{\"@type\":\"WebPage\",\"@id\":\"https:\/\/mellacaseta.cat\/es\/producte\/polen\/\",\"url\":\"https:\/\/mellacaseta.cat\/es\/producte\/polen\/\",\"name\":\"Polen fresco del Bergued\u00e0 en bote de vidrio\",\"isPartOf\":{\"@id\":\"https:\/\/mellacaseta.cat\/es\/#website\"},\"primaryImageOfPage\":{\"@id\":\"https:\/\/mellacaseta.cat\/es\/producte\/polen\/#primaryimage\"},\"image\":{\"@id\":\"https:\/\/mellacaseta.cat\/es\/producte\/polen\/#primaryimage\"},\"thumbnailUrl\":\"https:\/\/mellacaseta.cat\/wp-content\/uploads\/2024\/11\/mel-la-caseta-034-e1736762518328.jpg\",\"datePublished\":\"2024-08-23T09:02:22+00:00\",\"dateModified\":\"2025-12-18T09:37:39+00:00\",\"description\":\"Suplemento natural con polen fresco recolectado artesanalmente de las colmenas del Bergued\u00e0.\",\"breadcrumb\":{\"@id\":\"https:\/\/mellacaseta.cat\/es\/producte\/polen\/#breadcrumb\"},\"inLanguage\":\"es\",\"potentialAction\":[{\"@type\":\"ReadAction\",\"target\":[\"https:\/\/mellacaseta.cat\/es\/producte\/polen\/\"]}]},{\"@type\":\"ImageObject\",\"inLanguage\":\"es\",\"@id\":\"https:\/\/mellacaseta.cat\/es\/producte\/polen\/#primaryimage\",\"url\":\"https:\/\/mellacaseta.cat\/wp-content\/uploads\/2024\/11\/mel-la-caseta-034-e1736762518328.jpg\",\"contentUrl\":\"https:\/\/mellacaseta.cat\/wp-content\/uploads\/2024\/11\/mel-la-caseta-034-e1736762518328.jpg\",\"width\":1517,\"height\":1517,\"caption\":\"Mel La Caseta\"},{\"@type\":\"BreadcrumbList\",\"@id\":\"https:\/\/mellacaseta.cat\/es\/producte\/polen\/#breadcrumb\",\"itemListElement\":[{\"@type\":\"ListItem\",\"position\":1,\"name\":\"Inici\",\"item\":\"https:\/\/mellacaseta.cat\/es\/inicio\/\"},{\"@type\":\"ListItem\",\"position\":2,\"name\":\"Productos\",\"item\":\"https:\/\/mellacaseta.cat\/es\/shop\/\"},{\"@type\":\"ListItem\",\"position\":3,\"name\":\"Polen\"}]},{\"@type\":\"WebSite\",\"@id\":\"https:\/\/mellacaseta.cat\/es\/#website\",\"url\":\"https:\/\/mellacaseta.cat\/es\/\",\"name\":\"Mel La Caseta\",\"description\":\"Mel 100% artesanal al cor del Bergued\u00e0\",\"potentialAction\":[{\"@type\":\"SearchAction\",\"target\":{\"@type\":\"EntryPoint\",\"urlTemplate\":\"https:\/\/mellacaseta.cat\/es\/?s={search_term_string}\"},\"query-input\":{\"@type\":\"PropertyValueSpecification\",\"valueRequired\":true,\"valueName\":\"search_term_string\"}}],\"inLanguage\":\"es\"}]}<\/script>\n<!-- \/ Yoast SEO plugin. -->","yoast_head_json":{"title":"Polen fresco del Bergued\u00e0 en bote de vidrio","description":"Suplemento natural con polen fresco recolectado artesanalmente de las colmenas del Bergued\u00e0.","robots":{"index":"index","follow":"follow","max-snippet":"max-snippet:-1","max-image-preview":"max-image-preview:large","max-video-preview":"max-video-preview:-1"},"canonical":"https:\/\/mellacaseta.cat\/es\/producte\/polen\/","og_locale":"es_ES","og_type":"article","og_title":"Polen fresco del Bergued\u00e0 en bote de vidrio","og_description":"Suplemento natural con polen fresco recolectado artesanalmente de las colmenas del Bergued\u00e0.","og_url":"https:\/\/mellacaseta.cat\/es\/producte\/polen\/","og_site_name":"Mel La Caseta","article_modified_time":"2025-12-18T09:37:39+00:00","og_image":[{"width":1517,"height":1517,"url":"https:\/\/mellacaseta.cat\/wp-content\/uploads\/2024\/11\/mel-la-caseta-034-e1736762518328.jpg","type":"image\/jpeg"}],"twitter_card":"summary_large_image","twitter_misc":{"Tiempo de lectura":"1 minuto"},"schema":{"@context":"https:\/\/schema.org","@graph":[{"@type":"WebPage","@id":"https:\/\/mellacaseta.cat\/es\/producte\/polen\/","url":"https:\/\/mellacaseta.cat\/es\/producte\/polen\/","name":"Polen fresco del Bergued\u00e0 en bote de vidrio","isPartOf":{"@id":"https:\/\/mellacaseta.cat\/es\/#website"},"primaryImageOfPage":{"@id":"https:\/\/mellacaseta.cat\/es\/producte\/polen\/#primaryimage"},"image":{"@id":"https:\/\/mellacaseta.cat\/es\/producte\/polen\/#primaryimage"},"thumbnailUrl":"https:\/\/mellacaseta.cat\/wp-content\/uploads\/2024\/11\/mel-la-caseta-034-e1736762518328.jpg","datePublished":"2024-08-23T09:02:22+00:00","dateModified":"2025-12-18T09:37:39+00:00","description":"Suplemento natural con polen fresco recolectado artesanalmente de las colmenas del Bergued\u00e0.","breadcrumb":{"@id":"https:\/\/mellacaseta.cat\/es\/producte\/polen\/#breadcrumb"},"inLanguage":"es","potentialAction":[{"@type":"ReadAction","target":["https:\/\/mellacaseta.cat\/es\/producte\/polen\/"]}]},{"@type":"ImageObject","inLanguage":"es","@id":"https:\/\/mellacaseta.cat\/es\/producte\/polen\/#primaryimage","url":"https:\/\/mellacaseta.cat\/wp-content\/uploads\/2024\/11\/mel-la-caseta-034-e1736762518328.jpg","contentUrl":"https:\/\/mellacaseta.cat\/wp-content\/uploads\/2024\/11\/mel-la-caseta-034-e1736762518328.jpg","width":1517,"height":1517,"caption":"Mel La Caseta"},{"@type":"BreadcrumbList","@id":"https:\/\/mellacaseta.cat\/es\/producte\/polen\/#breadcrumb","itemListElement":[{"@type":"ListItem","position":1,"name":"Inici","item":"https:\/\/mellacaseta.cat\/es\/inicio\/"},{"@type":"ListItem","position":2,"name":"Productos","item":"https:\/\/mellacaseta.cat\/es\/shop\/"},{"@type":"ListItem","position":3,"name":"Polen"}]},{"@type":"WebSite","@id":"https:\/\/mellacaseta.cat\/es\/#website","url":"https:\/\/mellacaseta.cat\/es\/","name":"Mel La Caseta","description":"Mel 100% artesanal al cor del Bergued\u00e0","potentialAction":[{"@type":"SearchAction","target":{"@type":"EntryPoint","urlTemplate":"https:\/\/mellacaseta.cat\/es\/?s={search_term_string}"},"query-input":{"@type":"PropertyValueSpecification","valueRequired":true,"valueName":"search_term_string"}}],"inLanguage":"es"}]}},"_links":{"self":[{"href":"https:\/\/mellacaseta.cat\/es\/wp-json\/wp\/v2\/product\/3222","targetHints":{"allow":["GET"]}}],"collection":[{"href":"https:\/\/mellacaseta.cat\/es\/wp-json\/wp\/v2\/product"}],"about":[{"href":"https:\/\/mellacaseta.cat\/es\/wp-json\/wp\/v2\/types\/product"}],"wp:featuredmedia":[{"embeddable":true,"href":"https:\/\/mellacaseta.cat\/es\/wp-json\/wp\/v2\/media\/3225"}],"wp:attachment":[{"href":"https:\/\/mellacaseta.cat\/es\/wp-json\/wp\/v2\/media?parent=3222"}],"wp:term":[{"taxonomy":"product_brand","embeddable":true,"href":"https:\/\/mellacaseta.cat\/es\/wp-json\/wp\/v2\/product_brand?post=3222"},{"taxonomy":"product_cat","embeddable":true,"href":"https:\/\/mellacaseta.cat\/es\/wp-json\/wp\/v2\/product_cat?post=3222"},{"taxonomy":"product_tag","embeddable":true,"href":"https:\/\/mellacaseta.cat\/es\/wp-json\/wp\/v2\/product_tag?post=3222"}],"curies":[{"name":"wp","href":"https:\/\/api.w.org\/{rel}","templated":true}]}}

<p>Nuestro polen está recolectado en el Berguedà entre la primavera y el verano. El polen es un alimento natural considerado un superalimento puesto que contiene todos los aminoácidos esenciales para nuestro organismo y además es rico en vitaminas, minerales y ácidos grasos.</p>
<p>Es excelente por el crecimiento físico e intelectual de los niños y refuerza el sistema inmunológico. Mejora la salud de la piel, la vista y también la de la próstata. Ayuda a combatir problemas con la menstruación y derivados de la menopausia.</p>

<p>El polen es un superalimento rico en nutrientes esenciales como vitaminas y antioxidantes, ideal para complementar una dieta saludable. Puedes añadirlo fácilmente a batidos, yogures o cereales para potenciar tu salud de forma deliciosa.</p>
<p>Disponible en tarro de 225g.</p>

<!-- This site is optimized with the Yoast SEO plugin v27.2 - https://yoast.com/product/yoast-seo-wordpress/ -->
<title>Polen fresco del Berguedà en bote de vidrio</title>
<meta name="description" content="Suplemento natural con polen fresco recolectado artesanalmente de las colmenas del Berguedà." />
<meta name="robots" content="index, follow, max-snippet:-1, max-image-preview:large, max-video-preview:-1" />
<link rel="canonical" href="https://mellacaseta.cat/es/producte/polen/" />
<meta property="og:locale" content="es_ES" />
<meta property="og:type" content="article" />
<meta property="og:title" content="Polen fresco del Berguedà en bote de vidrio" />
<meta property="og:description" content="Suplemento natural con polen fresco recolectado artesanalmente de las colmenas del Berguedà." />
<meta property="og:url" content="https://mellacaseta.cat/es/producte/polen/" />
<meta property="og:site_name" content="Mel La Caseta" />
<meta property="article:modified_time" content="2025-12-18T09:37:39+00:00" />
<meta property="og:image" content="https://mellacaseta.cat/wp-content/uploads/2024/11/mel-la-caseta-034-e1736762518328.jpg" />
	<meta property="og:image:width" content="1517" />
	<meta property="og:image:height" content="1517" />
	<meta property="og:image:type" content="image/jpeg" />
<meta name="twitter:card" content="summary_large_image" />
<meta name="twitter:label1" content="Tiempo de lectura" />
	<meta name="twitter:data1" content="1 minuto" />
<script type="application/ld+json" class="yoast-schema-graph">{"@context":"https://schema.org","@graph":[{"@type":"WebPage","@id":"https://mellacaseta.cat/es/producte/polen/","url":"https://mellacaseta.cat/es/producte/polen/","name":"Polen fresco del Berguedà en bote de vidrio","isPartOf":{"@id":"https://mellacaseta.cat/es/#website"},"primaryImageOfPage":{"@id":"https://mellacaseta.cat/es/producte/polen/#primaryimage"},"image":{"@id":"https://mellacaseta.cat/es/producte/polen/#primaryimage"},"thumbnailUrl":"https://mellacaseta.cat/wp-content/uploads/2024/11/mel-la-caseta-034-e1736762518328.jpg","datePublished":"2024-08-23T09:02:22+00:00","dateModified":"2025-12-18T09:37:39+00:00","description":"Suplemento natural con polen fresco recolectado artesanalmente de las colmenas del Berguedà.","breadcrumb":{"@id":"https://mellacaseta.cat/es/producte/polen/#breadcrumb"},"inLanguage":"es","potentialAction":[{"@type":"ReadAction","target":["https://mellacaseta.cat/es/producte/polen/"]}]},{"@type":"ImageObject","inLanguage":"es","@id":"https://mellacaseta.cat/es/producte/polen/#primaryimage","url":"https://mellacaseta.cat/wp-content/uploads/2024/11/mel-la-caseta-034-e1736762518328.jpg","contentUrl":"https://mellacaseta.cat/wp-content/uploads/2024/11/mel-la-caseta-034-e1736762518328.jpg","width":1517,"height":1517,"caption":"Mel La Caseta"},{"@type":"BreadcrumbList","@id":"https://mellacaseta.cat/es/producte/polen/#breadcrumb","itemListElement":[{"@type":"ListItem","position":1,"name":"Inici","item":"https://mellacaseta.cat/es/inicio/"},{"@type":"ListItem","position":2,"name":"Productos","item":"https://mellacaseta.cat/es/shop/"},{"@type":"ListItem","position":3,"name":"Polen"}]},{"@type":"WebSite","@id":"https://mellacaseta.cat/es/#website","url":"https://mellacaseta.cat/es/","name":"Mel La Caseta","description":"Mel 100% artesanal al cor del Berguedà","potentialAction":[{"@type":"SearchAction","target":{"@type":"EntryPoint","urlTemplate":"https://mellacaseta.cat/es/?s={search_term_string}"},"query-input":{"@type":"PropertyValueSpecification","valueRequired":true,"valueName":"search_term_string"}}],"inLanguage":"es"}]}</script>
<!-- / Yoast SEO plugin. -->

Polen fresco del Berguedà en bote de vidrio

Suplemento natural con polen fresco recolectado artesanalmente de las colmenas del Berguedà.

Mel 100% artesanal al cor del Berguedà
