{"id":3211,"date":"2024-10-14T11:18:44","date_gmt":"2025-05-14T07:44:34","guid":{"rendered":"https:\/\/mellacaseta.cat\/producte\/caramelos-de-miel-y-limon\/"},"modified":"2025-05-14T09:44:34","modified_gmt":"2025-05-14T07:44:34","slug":"caramelos-de-miel-y-limon","status":"publish","type":"product","link":"https:\/\/mellacaseta.cat\/es\/producte\/caramelos-de-miel-y-limon\/","title":{"rendered":"Caramelos de miel y lim\u00f3n"},"content":{"rendered":"<p>Son caramelos que a diferencia de los caramelos comerciales <strong>NO<\/strong> llevan az\u00facar, son caramelos hechos <strong>100% con productos naturales<\/strong> hechos por nosotros mismos.<\/p>\n<p> Son hechos a partir de nuestra miel y zumo de lim\u00f3n 100% natural exprimido directamente de limones frescos, este zumo de lim\u00f3n les aporta frescura y la acidez del lim\u00f3n hace que el caramelo sea refrescante y a\u00fan teniendo sabor a miel, no tiene una dulzura tan marcada.<\/p>\n","protected":false},"excerpt":{"rendered":"<p>Caramelos de miel y lim\u00f3n, sin az\u00facar.<\/p>\n","protected":false},"featured_media":0,"template":"","meta":[],"product_brand":[],"product_cat":[45],"product_tag":[],"class_list":{"0":"post-3211","1":"product","2":"type-product","3":"status-publish","5":"product_cat-miel-y-polen","7":"first","8":"outofstock","9":"taxable","10":"shipping-taxable","11":"purchasable","12":"product-type-simple"},"yoast_head":"<!-- This site is optimized with the Yoast SEO plugin v27.2 - https:\/\/yoast.com\/product\/yoast-seo-wordpress\/ -->\n<title>Caramelos de miel y lim\u00f3n del Bergued\u00e0<\/title>\n<meta name=\"description\" content=\"Disfruta de nuestros caramelos artesanales de miel y lim\u00f3n\" \/>\n<meta name=\"robots\" content=\"index, follow, max-snippet:-1, max-image-preview:large, max-video-preview:-1\" \/>\n<link rel=\"canonical\" href=\"https:\/\/mellacaseta.cat\/es\/producte\/caramelos-de-miel-y-limon\/\" \/>\n<meta property=\"og:locale\" content=\"es_ES\" \/>\n<meta property=\"og:type\" content=\"article\" \/>\n<meta property=\"og:title\" content=\"Caramelos de miel y lim\u00f3n del Bergued\u00e0\" \/>\n<meta property=\"og:description\" content=\"Disfruta de nuestros caramelos artesanales de miel y lim\u00f3n\" \/>\n<meta property=\"og:url\" content=\"https:\/\/mellacaseta.cat\/es\/producte\/caramelos-de-miel-y-limon\/\" \/>\n<meta property=\"og:site_name\" content=\"Mel La Caseta\" \/>\n<meta name=\"twitter:card\" content=\"summary_large_image\" \/>\n<script type=\"application\/ld+json\" class=\"yoast-schema-graph\">{\"@context\":\"https:\/\/schema.org\",\"@graph\":[{\"@type\":\"WebPage\",\"@id\":\"https:\/\/mellacaseta.cat\/es\/producte\/caramelos-de-miel-y-limon\/\",\"url\":\"https:\/\/mellacaseta.cat\/es\/producte\/caramelos-de-miel-y-limon\/\",\"name\":\"Caramelos de miel y lim\u00f3n del Bergued\u00e0\",\"isPartOf\":{\"@id\":\"https:\/\/mellacaseta.cat\/es\/#website\"},\"datePublished\":\"2025-05-14T07:44:34+00:00\",\"description\":\"Disfruta de nuestros caramelos artesanales de miel y lim\u00f3n\",\"breadcrumb\":{\"@id\":\"https:\/\/mellacaseta.cat\/es\/producte\/caramelos-de-miel-y-limon\/#breadcrumb\"},\"inLanguage\":\"es\",\"potentialAction\":[{\"@type\":\"ReadAction\",\"target\":[\"https:\/\/mellacaseta.cat\/es\/producte\/caramelos-de-miel-y-limon\/\"]}]},{\"@type\":\"BreadcrumbList\",\"@id\":\"https:\/\/mellacaseta.cat\/es\/producte\/caramelos-de-miel-y-limon\/#breadcrumb\",\"itemListElement\":[{\"@type\":\"ListItem\",\"position\":1,\"name\":\"Inici\",\"item\":\"https:\/\/mellacaseta.cat\/es\/inicio\/\"},{\"@type\":\"ListItem\",\"position\":2,\"name\":\"Productos\",\"item\":\"https:\/\/mellacaseta.cat\/es\/shop\/\"},{\"@type\":\"ListItem\",\"position\":3,\"name\":\"Caramelos de miel y lim\u00f3n\"}]},{\"@type\":\"WebSite\",\"@id\":\"https:\/\/mellacaseta.cat\/es\/#website\",\"url\":\"https:\/\/mellacaseta.cat\/es\/\",\"name\":\"Mel La Caseta\",\"description\":\"Mel 100% artesanal al cor del Bergued\u00e0\",\"potentialAction\":[{\"@type\":\"SearchAction\",\"target\":{\"@type\":\"EntryPoint\",\"urlTemplate\":\"https:\/\/mellacaseta.cat\/es\/?s={search_term_string}\"},\"query-input\":{\"@type\":\"PropertyValueSpecification\",\"valueRequired\":true,\"valueName\":\"search_term_string\"}}],\"inLanguage\":\"es\"}]}<\/script>\n<!-- \/ Yoast SEO plugin. -->","yoast_head_json":{"title":"Caramelos de miel y lim\u00f3n del Bergued\u00e0","description":"Disfruta de nuestros caramelos artesanales de miel y lim\u00f3n","robots":{"index":"index","follow":"follow","max-snippet":"max-snippet:-1","max-image-preview":"max-image-preview:large","max-video-preview":"max-video-preview:-1"},"canonical":"https:\/\/mellacaseta.cat\/es\/producte\/caramelos-de-miel-y-limon\/","og_locale":"es_ES","og_type":"article","og_title":"Caramelos de miel y lim\u00f3n del Bergued\u00e0","og_description":"Disfruta de nuestros caramelos artesanales de miel y lim\u00f3n","og_url":"https:\/\/mellacaseta.cat\/es\/producte\/caramelos-de-miel-y-limon\/","og_site_name":"Mel La Caseta","twitter_card":"summary_large_image","schema":{"@context":"https:\/\/schema.org","@graph":[{"@type":"WebPage","@id":"https:\/\/mellacaseta.cat\/es\/producte\/caramelos-de-miel-y-limon\/","url":"https:\/\/mellacaseta.cat\/es\/producte\/caramelos-de-miel-y-limon\/","name":"Caramelos de miel y lim\u00f3n del Bergued\u00e0","isPartOf":{"@id":"https:\/\/mellacaseta.cat\/es\/#website"},"datePublished":"2025-05-14T07:44:34+00:00","description":"Disfruta de nuestros caramelos artesanales de miel y lim\u00f3n","breadcrumb":{"@id":"https:\/\/mellacaseta.cat\/es\/producte\/caramelos-de-miel-y-limon\/#breadcrumb"},"inLanguage":"es","potentialAction":[{"@type":"ReadAction","target":["https:\/\/mellacaseta.cat\/es\/producte\/caramelos-de-miel-y-limon\/"]}]},{"@type":"BreadcrumbList","@id":"https:\/\/mellacaseta.cat\/es\/producte\/caramelos-de-miel-y-limon\/#breadcrumb","itemListElement":[{"@type":"ListItem","position":1,"name":"Inici","item":"https:\/\/mellacaseta.cat\/es\/inicio\/"},{"@type":"ListItem","position":2,"name":"Productos","item":"https:\/\/mellacaseta.cat\/es\/shop\/"},{"@type":"ListItem","position":3,"name":"Caramelos de miel y lim\u00f3n"}]},{"@type":"WebSite","@id":"https:\/\/mellacaseta.cat\/es\/#website","url":"https:\/\/mellacaseta.cat\/es\/","name":"Mel La Caseta","description":"Mel 100% artesanal al cor del Bergued\u00e0","potentialAction":[{"@type":"SearchAction","target":{"@type":"EntryPoint","urlTemplate":"https:\/\/mellacaseta.cat\/es\/?s={search_term_string}"},"query-input":{"@type":"PropertyValueSpecification","valueRequired":true,"valueName":"search_term_string"}}],"inLanguage":"es"}]}},"_links":{"self":[{"href":"https:\/\/mellacaseta.cat\/es\/wp-json\/wp\/v2\/product\/3211","targetHints":{"allow":["GET"]}}],"collection":[{"href":"https:\/\/mellacaseta.cat\/es\/wp-json\/wp\/v2\/product"}],"about":[{"href":"https:\/\/mellacaseta.cat\/es\/wp-json\/wp\/v2\/types\/product"}],"wp:attachment":[{"href":"https:\/\/mellacaseta.cat\/es\/wp-json\/wp\/v2\/media?parent=3211"}],"wp:term":[{"taxonomy":"product_brand","embeddable":true,"href":"https:\/\/mellacaseta.cat\/es\/wp-json\/wp\/v2\/product_brand?post=3211"},{"taxonomy":"product_cat","embeddable":true,"href":"https:\/\/mellacaseta.cat\/es\/wp-json\/wp\/v2\/product_cat?post=3211"},{"taxonomy":"product_tag","embeddable":true,"href":"https:\/\/mellacaseta.cat\/es\/wp-json\/wp\/v2\/product_tag?post=3211"}],"curies":[{"name":"wp","href":"https:\/\/api.w.org\/{rel}","templated":true}]}}

Caramelos de miel y limón

<p>Son caramelos que a diferencia de los caramelos comerciales <strong>NO</strong> llevan azúcar, son caramelos hechos <strong>100% con productos naturales</strong> hechos por nosotros mismos.</p>
<p> Son hechos a partir de nuestra miel y zumo de limón 100% natural exprimido directamente de limones frescos, este zumo de limón les aporta frescura y la acidez del limón hace que el caramelo sea refrescante y aún teniendo sabor a miel, no tiene una dulzura tan marcada.</p>

<p>Caramelos de miel y limón, sin azúcar.</p>

<!-- This site is optimized with the Yoast SEO plugin v27.2 - https://yoast.com/product/yoast-seo-wordpress/ -->
<title>Caramelos de miel y limón del Berguedà</title>
<meta name="description" content="Disfruta de nuestros caramelos artesanales de miel y limón" />
<meta name="robots" content="index, follow, max-snippet:-1, max-image-preview:large, max-video-preview:-1" />
<link rel="canonical" href="https://mellacaseta.cat/es/producte/caramelos-de-miel-y-limon/" />
<meta property="og:locale" content="es_ES" />
<meta property="og:type" content="article" />
<meta property="og:title" content="Caramelos de miel y limón del Berguedà" />
<meta property="og:description" content="Disfruta de nuestros caramelos artesanales de miel y limón" />
<meta property="og:url" content="https://mellacaseta.cat/es/producte/caramelos-de-miel-y-limon/" />
<meta property="og:site_name" content="Mel La Caseta" />
<meta name="twitter:card" content="summary_large_image" />
<script type="application/ld+json" class="yoast-schema-graph">{"@context":"https://schema.org","@graph":[{"@type":"WebPage","@id":"https://mellacaseta.cat/es/producte/caramelos-de-miel-y-limon/","url":"https://mellacaseta.cat/es/producte/caramelos-de-miel-y-limon/","name":"Caramelos de miel y limón del Berguedà","isPartOf":{"@id":"https://mellacaseta.cat/es/#website"},"datePublished":"2025-05-14T07:44:34+00:00","description":"Disfruta de nuestros caramelos artesanales de miel y limón","breadcrumb":{"@id":"https://mellacaseta.cat/es/producte/caramelos-de-miel-y-limon/#breadcrumb"},"inLanguage":"es","potentialAction":[{"@type":"ReadAction","target":["https://mellacaseta.cat/es/producte/caramelos-de-miel-y-limon/"]}]},{"@type":"BreadcrumbList","@id":"https://mellacaseta.cat/es/producte/caramelos-de-miel-y-limon/#breadcrumb","itemListElement":[{"@type":"ListItem","position":1,"name":"Inici","item":"https://mellacaseta.cat/es/inicio/"},{"@type":"ListItem","position":2,"name":"Productos","item":"https://mellacaseta.cat/es/shop/"},{"@type":"ListItem","position":3,"name":"Caramelos de miel y limón"}]},{"@type":"WebSite","@id":"https://mellacaseta.cat/es/#website","url":"https://mellacaseta.cat/es/","name":"Mel La Caseta","description":"Mel 100% artesanal al cor del Berguedà","potentialAction":[{"@type":"SearchAction","target":{"@type":"EntryPoint","urlTemplate":"https://mellacaseta.cat/es/?s={search_term_string}"},"query-input":{"@type":"PropertyValueSpecification","valueRequired":true,"valueName":"search_term_string"}}],"inLanguage":"es"}]}</script>
<!-- / Yoast SEO plugin. -->

Caramelos de miel y limón del Berguedà

Disfruta de nuestros caramelos artesanales de miel y limón

Mel 100% artesanal al cor del Berguedà
