{"id":3185,"date":"2024-10-14T11:58:55","date_gmt":"2025-05-14T07:30:08","guid":{"rendered":"https:\/\/mellacaseta.cat\/producte\/vela-papa-noel-2\/"},"modified":"2025-05-14T09:30:08","modified_gmt":"2025-05-14T07:30:08","slug":"vela-papa-noel-2","status":"publish","type":"product","link":"https:\/\/mellacaseta.cat\/es\/producte\/vela-papa-noel-2\/","title":{"rendered":"Vela Pap\u00e1 Noel 2"},"content":{"rendered":"<p>Las velas de Cera de Abella, son un producto 100% natural que nos proporcionan una luz m\u00e1s c\u00e1lida que las velas convencionales ya diferencia de las velas comerciales, sus humos no son t\u00f3xicos. Ideales para regalar un detalle artesano, original y org\u00e1nico. <\/p>\n","protected":false},"excerpt":{"rendered":"<p>Vela 100% natural de cera de abeja en forma de Pap\u00e1 Noel.<\/p>\n<p> Medida: 6cm<\/p>\n","protected":false},"featured_media":3187,"template":"","meta":[],"product_brand":[],"product_cat":[42],"product_tag":[],"class_list":{"0":"post-3185","1":"product","2":"type-product","3":"status-publish","4":"has-post-thumbnail","6":"product_cat-velas","8":"first","9":"instock","10":"taxable","11":"shipping-taxable","12":"purchasable","13":"product-type-simple"},"yoast_head":"<!-- This site is optimized with the Yoast SEO plugin v27.2 - https:\/\/yoast.com\/product\/yoast-seo-wordpress\/ -->\n<title>Vela Pap\u00e1 Noel peque\u00f1a de cera natural<\/title>\n<meta name=\"description\" content=\"Vela navide\u00f1a peque\u00f1a con forma de Pap\u00e1 Noel\" \/>\n<meta name=\"robots\" content=\"index, follow, max-snippet:-1, max-image-preview:large, max-video-preview:-1\" \/>\n<link rel=\"canonical\" href=\"https:\/\/mellacaseta.cat\/es\/producte\/vela-papa-noel-2\/\" \/>\n<meta property=\"og:locale\" content=\"es_ES\" \/>\n<meta property=\"og:type\" content=\"article\" \/>\n<meta property=\"og:title\" content=\"Vela Pap\u00e1 Noel peque\u00f1a de cera natural\" \/>\n<meta property=\"og:description\" content=\"Vela navide\u00f1a peque\u00f1a con forma de Pap\u00e1 Noel\" \/>\n<meta property=\"og:url\" content=\"https:\/\/mellacaseta.cat\/es\/producte\/vela-papa-noel-2\/\" \/>\n<meta property=\"og:site_name\" content=\"Mel La Caseta\" \/>\n<meta property=\"og:image\" content=\"https:\/\/mellacaseta.cat\/wp-content\/uploads\/2024\/11\/mel-la-caseta-103-e1736759588393.jpg\" \/>\n\t<meta property=\"og:image:width\" content=\"1667\" \/>\n\t<meta property=\"og:image:height\" content=\"1667\" \/>\n\t<meta property=\"og:image:type\" content=\"image\/jpeg\" \/>\n<meta name=\"twitter:card\" content=\"summary_large_image\" \/>\n<script type=\"application\/ld+json\" class=\"yoast-schema-graph\">{\"@context\":\"https:\/\/schema.org\",\"@graph\":[{\"@type\":\"WebPage\",\"@id\":\"https:\/\/mellacaseta.cat\/es\/producte\/vela-papa-noel-2\/\",\"url\":\"https:\/\/mellacaseta.cat\/es\/producte\/vela-papa-noel-2\/\",\"name\":\"Vela Pap\u00e1 Noel peque\u00f1a de cera natural\",\"isPartOf\":{\"@id\":\"https:\/\/mellacaseta.cat\/es\/#website\"},\"primaryImageOfPage\":{\"@id\":\"https:\/\/mellacaseta.cat\/es\/producte\/vela-papa-noel-2\/#primaryimage\"},\"image\":{\"@id\":\"https:\/\/mellacaseta.cat\/es\/producte\/vela-papa-noel-2\/#primaryimage\"},\"thumbnailUrl\":\"https:\/\/mellacaseta.cat\/wp-content\/uploads\/2024\/11\/mel-la-caseta-103-e1736759588393.jpg\",\"datePublished\":\"2025-05-14T07:30:08+00:00\",\"description\":\"Vela navide\u00f1a peque\u00f1a con forma de Pap\u00e1 Noel\",\"breadcrumb\":{\"@id\":\"https:\/\/mellacaseta.cat\/es\/producte\/vela-papa-noel-2\/#breadcrumb\"},\"inLanguage\":\"es\",\"potentialAction\":[{\"@type\":\"ReadAction\",\"target\":[\"https:\/\/mellacaseta.cat\/es\/producte\/vela-papa-noel-2\/\"]}]},{\"@type\":\"ImageObject\",\"inLanguage\":\"es\",\"@id\":\"https:\/\/mellacaseta.cat\/es\/producte\/vela-papa-noel-2\/#primaryimage\",\"url\":\"https:\/\/mellacaseta.cat\/wp-content\/uploads\/2024\/11\/mel-la-caseta-103-e1736759588393.jpg\",\"contentUrl\":\"https:\/\/mellacaseta.cat\/wp-content\/uploads\/2024\/11\/mel-la-caseta-103-e1736759588393.jpg\",\"width\":1667,\"height\":1667,\"caption\":\"Mel La Caseta\"},{\"@type\":\"BreadcrumbList\",\"@id\":\"https:\/\/mellacaseta.cat\/es\/producte\/vela-papa-noel-2\/#breadcrumb\",\"itemListElement\":[{\"@type\":\"ListItem\",\"position\":1,\"name\":\"Inici\",\"item\":\"https:\/\/mellacaseta.cat\/es\/inicio\/\"},{\"@type\":\"ListItem\",\"position\":2,\"name\":\"Productos\",\"item\":\"https:\/\/mellacaseta.cat\/es\/shop\/\"},{\"@type\":\"ListItem\",\"position\":3,\"name\":\"Vela Pap\u00e1 Noel 2\"}]},{\"@type\":\"WebSite\",\"@id\":\"https:\/\/mellacaseta.cat\/es\/#website\",\"url\":\"https:\/\/mellacaseta.cat\/es\/\",\"name\":\"Mel La Caseta\",\"description\":\"Mel 100% artesanal al cor del Bergued\u00e0\",\"potentialAction\":[{\"@type\":\"SearchAction\",\"target\":{\"@type\":\"EntryPoint\",\"urlTemplate\":\"https:\/\/mellacaseta.cat\/es\/?s={search_term_string}\"},\"query-input\":{\"@type\":\"PropertyValueSpecification\",\"valueRequired\":true,\"valueName\":\"search_term_string\"}}],\"inLanguage\":\"es\"}]}<\/script>\n<!-- \/ Yoast SEO plugin. -->","yoast_head_json":{"title":"Vela Pap\u00e1 Noel peque\u00f1a de cera natural","description":"Vela navide\u00f1a peque\u00f1a con forma de Pap\u00e1 Noel","robots":{"index":"index","follow":"follow","max-snippet":"max-snippet:-1","max-image-preview":"max-image-preview:large","max-video-preview":"max-video-preview:-1"},"canonical":"https:\/\/mellacaseta.cat\/es\/producte\/vela-papa-noel-2\/","og_locale":"es_ES","og_type":"article","og_title":"Vela Pap\u00e1 Noel peque\u00f1a de cera natural","og_description":"Vela navide\u00f1a peque\u00f1a con forma de Pap\u00e1 Noel","og_url":"https:\/\/mellacaseta.cat\/es\/producte\/vela-papa-noel-2\/","og_site_name":"Mel La Caseta","og_image":[{"width":1667,"height":1667,"url":"https:\/\/mellacaseta.cat\/wp-content\/uploads\/2024\/11\/mel-la-caseta-103-e1736759588393.jpg","type":"image\/jpeg"}],"twitter_card":"summary_large_image","schema":{"@context":"https:\/\/schema.org","@graph":[{"@type":"WebPage","@id":"https:\/\/mellacaseta.cat\/es\/producte\/vela-papa-noel-2\/","url":"https:\/\/mellacaseta.cat\/es\/producte\/vela-papa-noel-2\/","name":"Vela Pap\u00e1 Noel peque\u00f1a de cera natural","isPartOf":{"@id":"https:\/\/mellacaseta.cat\/es\/#website"},"primaryImageOfPage":{"@id":"https:\/\/mellacaseta.cat\/es\/producte\/vela-papa-noel-2\/#primaryimage"},"image":{"@id":"https:\/\/mellacaseta.cat\/es\/producte\/vela-papa-noel-2\/#primaryimage"},"thumbnailUrl":"https:\/\/mellacaseta.cat\/wp-content\/uploads\/2024\/11\/mel-la-caseta-103-e1736759588393.jpg","datePublished":"2025-05-14T07:30:08+00:00","description":"Vela navide\u00f1a peque\u00f1a con forma de Pap\u00e1 Noel","breadcrumb":{"@id":"https:\/\/mellacaseta.cat\/es\/producte\/vela-papa-noel-2\/#breadcrumb"},"inLanguage":"es","potentialAction":[{"@type":"ReadAction","target":["https:\/\/mellacaseta.cat\/es\/producte\/vela-papa-noel-2\/"]}]},{"@type":"ImageObject","inLanguage":"es","@id":"https:\/\/mellacaseta.cat\/es\/producte\/vela-papa-noel-2\/#primaryimage","url":"https:\/\/mellacaseta.cat\/wp-content\/uploads\/2024\/11\/mel-la-caseta-103-e1736759588393.jpg","contentUrl":"https:\/\/mellacaseta.cat\/wp-content\/uploads\/2024\/11\/mel-la-caseta-103-e1736759588393.jpg","width":1667,"height":1667,"caption":"Mel La Caseta"},{"@type":"BreadcrumbList","@id":"https:\/\/mellacaseta.cat\/es\/producte\/vela-papa-noel-2\/#breadcrumb","itemListElement":[{"@type":"ListItem","position":1,"name":"Inici","item":"https:\/\/mellacaseta.cat\/es\/inicio\/"},{"@type":"ListItem","position":2,"name":"Productos","item":"https:\/\/mellacaseta.cat\/es\/shop\/"},{"@type":"ListItem","position":3,"name":"Vela Pap\u00e1 Noel 2"}]},{"@type":"WebSite","@id":"https:\/\/mellacaseta.cat\/es\/#website","url":"https:\/\/mellacaseta.cat\/es\/","name":"Mel La Caseta","description":"Mel 100% artesanal al cor del Bergued\u00e0","potentialAction":[{"@type":"SearchAction","target":{"@type":"EntryPoint","urlTemplate":"https:\/\/mellacaseta.cat\/es\/?s={search_term_string}"},"query-input":{"@type":"PropertyValueSpecification","valueRequired":true,"valueName":"search_term_string"}}],"inLanguage":"es"}]}},"_links":{"self":[{"href":"https:\/\/mellacaseta.cat\/es\/wp-json\/wp\/v2\/product\/3185","targetHints":{"allow":["GET"]}}],"collection":[{"href":"https:\/\/mellacaseta.cat\/es\/wp-json\/wp\/v2\/product"}],"about":[{"href":"https:\/\/mellacaseta.cat\/es\/wp-json\/wp\/v2\/types\/product"}],"wp:featuredmedia":[{"embeddable":true,"href":"https:\/\/mellacaseta.cat\/es\/wp-json\/wp\/v2\/media\/3187"}],"wp:attachment":[{"href":"https:\/\/mellacaseta.cat\/es\/wp-json\/wp\/v2\/media?parent=3185"}],"wp:term":[{"taxonomy":"product_brand","embeddable":true,"href":"https:\/\/mellacaseta.cat\/es\/wp-json\/wp\/v2\/product_brand?post=3185"},{"taxonomy":"product_cat","embeddable":true,"href":"https:\/\/mellacaseta.cat\/es\/wp-json\/wp\/v2\/product_cat?post=3185"},{"taxonomy":"product_tag","embeddable":true,"href":"https:\/\/mellacaseta.cat\/es\/wp-json\/wp\/v2\/product_tag?post=3185"}],"curies":[{"name":"wp","href":"https:\/\/api.w.org\/{rel}","templated":true}]}}

Vela Papá Noel 2

<p>Las velas de Cera de Abella, son un producto 100% natural que nos proporcionan una luz más cálida que las velas convencionales ya diferencia de las velas comerciales, sus humos no son tóxicos. Ideales para regalar un detalle artesano, original y orgánico. </p>

<p>Vela 100% natural de cera de abeja en forma de Papá Noel.</p>
<p> Medida: 6cm</p>

<!-- This site is optimized with the Yoast SEO plugin v27.2 - https://yoast.com/product/yoast-seo-wordpress/ -->
<title>Vela Papá Noel pequeña de cera natural</title>
<meta name="description" content="Vela navideña pequeña con forma de Papá Noel" />
<meta name="robots" content="index, follow, max-snippet:-1, max-image-preview:large, max-video-preview:-1" />
<link rel="canonical" href="https://mellacaseta.cat/es/producte/vela-papa-noel-2/" />
<meta property="og:locale" content="es_ES" />
<meta property="og:type" content="article" />
<meta property="og:title" content="Vela Papá Noel pequeña de cera natural" />
<meta property="og:description" content="Vela navideña pequeña con forma de Papá Noel" />
<meta property="og:url" content="https://mellacaseta.cat/es/producte/vela-papa-noel-2/" />
<meta property="og:site_name" content="Mel La Caseta" />
<meta property="og:image" content="https://mellacaseta.cat/wp-content/uploads/2024/11/mel-la-caseta-103-e1736759588393.jpg" />
	<meta property="og:image:width" content="1667" />
	<meta property="og:image:height" content="1667" />
	<meta property="og:image:type" content="image/jpeg" />
<meta name="twitter:card" content="summary_large_image" />
<script type="application/ld+json" class="yoast-schema-graph">{"@context":"https://schema.org","@graph":[{"@type":"WebPage","@id":"https://mellacaseta.cat/es/producte/vela-papa-noel-2/","url":"https://mellacaseta.cat/es/producte/vela-papa-noel-2/","name":"Vela Papá Noel pequeña de cera natural","isPartOf":{"@id":"https://mellacaseta.cat/es/#website"},"primaryImageOfPage":{"@id":"https://mellacaseta.cat/es/producte/vela-papa-noel-2/#primaryimage"},"image":{"@id":"https://mellacaseta.cat/es/producte/vela-papa-noel-2/#primaryimage"},"thumbnailUrl":"https://mellacaseta.cat/wp-content/uploads/2024/11/mel-la-caseta-103-e1736759588393.jpg","datePublished":"2025-05-14T07:30:08+00:00","description":"Vela navideña pequeña con forma de Papá Noel","breadcrumb":{"@id":"https://mellacaseta.cat/es/producte/vela-papa-noel-2/#breadcrumb"},"inLanguage":"es","potentialAction":[{"@type":"ReadAction","target":["https://mellacaseta.cat/es/producte/vela-papa-noel-2/"]}]},{"@type":"ImageObject","inLanguage":"es","@id":"https://mellacaseta.cat/es/producte/vela-papa-noel-2/#primaryimage","url":"https://mellacaseta.cat/wp-content/uploads/2024/11/mel-la-caseta-103-e1736759588393.jpg","contentUrl":"https://mellacaseta.cat/wp-content/uploads/2024/11/mel-la-caseta-103-e1736759588393.jpg","width":1667,"height":1667,"caption":"Mel La Caseta"},{"@type":"BreadcrumbList","@id":"https://mellacaseta.cat/es/producte/vela-papa-noel-2/#breadcrumb","itemListElement":[{"@type":"ListItem","position":1,"name":"Inici","item":"https://mellacaseta.cat/es/inicio/"},{"@type":"ListItem","position":2,"name":"Productos","item":"https://mellacaseta.cat/es/shop/"},{"@type":"ListItem","position":3,"name":"Vela Papá Noel 2"}]},{"@type":"WebSite","@id":"https://mellacaseta.cat/es/#website","url":"https://mellacaseta.cat/es/","name":"Mel La Caseta","description":"Mel 100% artesanal al cor del Berguedà","potentialAction":[{"@type":"SearchAction","target":{"@type":"EntryPoint","urlTemplate":"https://mellacaseta.cat/es/?s={search_term_string}"},"query-input":{"@type":"PropertyValueSpecification","valueRequired":true,"valueName":"search_term_string"}}],"inLanguage":"es"}]}</script>
<!-- / Yoast SEO plugin. -->

Vela Papá Noel pequeña de cera natural

Vela navideña pequeña con forma de Papá Noel

Mel 100% artesanal al cor del Berguedà
