{"id":3171,"date":"2024-10-14T12:03:54","date_gmt":"2025-05-14T07:30:03","guid":{"rendered":"https:\/\/mellacaseta.cat\/producte\/vela-duende-apicultor\/"},"modified":"2025-05-14T09:30:03","modified_gmt":"2025-05-14T07:30:03","slug":"vela-duende-apicultor","status":"publish","type":"product","link":"https:\/\/mellacaseta.cat\/es\/producte\/vela-duende-apicultor\/","title":{"rendered":"Vela duende Apicultor"},"content":{"rendered":"<p>Las velas de Cera de Abella, son un producto 100% natural que nos proporcionan una luz m\u00e1s c\u00e1lida que las velas convencionales ya diferencia de las velas comerciales, sus humos no son t\u00f3xicos. Ideales para regalar un detalle artesano, original y org\u00e1nico. <\/p>\n","protected":false},"excerpt":{"rendered":"<p>Vela 100% natural de cera de abeja en forma de duende con insignias de apicultura.<\/p>\n<p> Medida: 9.5cm<\/p>\n","protected":false},"featured_media":3173,"template":"","meta":[],"product_brand":[],"product_cat":[42],"product_tag":[],"class_list":{"0":"post-3171","1":"product","2":"type-product","3":"status-publish","4":"has-post-thumbnail","6":"product_cat-velas","8":"first","9":"instock","10":"taxable","11":"shipping-taxable","12":"purchasable","13":"product-type-simple"},"yoast_head":"<!-- This site is optimized with the Yoast SEO plugin v27.2 - https:\/\/yoast.com\/product\/yoast-seo-wordpress\/ -->\n<title>Vela duende apicultor de cera de abeja<\/title>\n<meta name=\"description\" content=\"Vela decorativa en forma de duende apicultor hecha con cera de abeja natural en el Bergued\u00e0.\" \/>\n<meta name=\"robots\" content=\"index, follow, max-snippet:-1, max-image-preview:large, max-video-preview:-1\" \/>\n<link rel=\"canonical\" href=\"https:\/\/mellacaseta.cat\/es\/producte\/vela-duende-apicultor\/\" \/>\n<meta property=\"og:locale\" content=\"es_ES\" \/>\n<meta property=\"og:type\" content=\"article\" \/>\n<meta property=\"og:title\" content=\"Vela duende apicultor de cera de abeja\" \/>\n<meta property=\"og:description\" content=\"Vela decorativa en forma de duende apicultor hecha con cera de abeja natural en el Bergued\u00e0.\" \/>\n<meta property=\"og:url\" content=\"https:\/\/mellacaseta.cat\/es\/producte\/vela-duende-apicultor\/\" \/>\n<meta property=\"og:site_name\" content=\"Mel La Caseta\" \/>\n<meta property=\"og:image\" content=\"https:\/\/mellacaseta.cat\/wp-content\/uploads\/2024\/11\/mel-la-caseta-087-e1736756916398.jpg\" \/>\n\t<meta property=\"og:image:width\" content=\"1667\" \/>\n\t<meta property=\"og:image:height\" content=\"1667\" \/>\n\t<meta property=\"og:image:type\" content=\"image\/jpeg\" \/>\n<meta name=\"twitter:card\" content=\"summary_large_image\" \/>\n<script type=\"application\/ld+json\" class=\"yoast-schema-graph\">{\"@context\":\"https:\/\/schema.org\",\"@graph\":[{\"@type\":\"WebPage\",\"@id\":\"https:\/\/mellacaseta.cat\/es\/producte\/vela-duende-apicultor\/\",\"url\":\"https:\/\/mellacaseta.cat\/es\/producte\/vela-duende-apicultor\/\",\"name\":\"Vela duende apicultor de cera de abeja\",\"isPartOf\":{\"@id\":\"https:\/\/mellacaseta.cat\/es\/#website\"},\"primaryImageOfPage\":{\"@id\":\"https:\/\/mellacaseta.cat\/es\/producte\/vela-duende-apicultor\/#primaryimage\"},\"image\":{\"@id\":\"https:\/\/mellacaseta.cat\/es\/producte\/vela-duende-apicultor\/#primaryimage\"},\"thumbnailUrl\":\"https:\/\/mellacaseta.cat\/wp-content\/uploads\/2024\/11\/mel-la-caseta-087-e1736756916398.jpg\",\"datePublished\":\"2025-05-14T07:30:03+00:00\",\"description\":\"Vela decorativa en forma de duende apicultor hecha con cera de abeja natural en el Bergued\u00e0.\",\"breadcrumb\":{\"@id\":\"https:\/\/mellacaseta.cat\/es\/producte\/vela-duende-apicultor\/#breadcrumb\"},\"inLanguage\":\"es\",\"potentialAction\":[{\"@type\":\"ReadAction\",\"target\":[\"https:\/\/mellacaseta.cat\/es\/producte\/vela-duende-apicultor\/\"]}]},{\"@type\":\"ImageObject\",\"inLanguage\":\"es\",\"@id\":\"https:\/\/mellacaseta.cat\/es\/producte\/vela-duende-apicultor\/#primaryimage\",\"url\":\"https:\/\/mellacaseta.cat\/wp-content\/uploads\/2024\/11\/mel-la-caseta-087-e1736756916398.jpg\",\"contentUrl\":\"https:\/\/mellacaseta.cat\/wp-content\/uploads\/2024\/11\/mel-la-caseta-087-e1736756916398.jpg\",\"width\":1667,\"height\":1667,\"caption\":\"Mel La Caseta\"},{\"@type\":\"BreadcrumbList\",\"@id\":\"https:\/\/mellacaseta.cat\/es\/producte\/vela-duende-apicultor\/#breadcrumb\",\"itemListElement\":[{\"@type\":\"ListItem\",\"position\":1,\"name\":\"Inici\",\"item\":\"https:\/\/mellacaseta.cat\/es\/inicio\/\"},{\"@type\":\"ListItem\",\"position\":2,\"name\":\"Productos\",\"item\":\"https:\/\/mellacaseta.cat\/es\/shop\/\"},{\"@type\":\"ListItem\",\"position\":3,\"name\":\"Vela duende Apicultor\"}]},{\"@type\":\"WebSite\",\"@id\":\"https:\/\/mellacaseta.cat\/es\/#website\",\"url\":\"https:\/\/mellacaseta.cat\/es\/\",\"name\":\"Mel La Caseta\",\"description\":\"Mel 100% artesanal al cor del Bergued\u00e0\",\"potentialAction\":[{\"@type\":\"SearchAction\",\"target\":{\"@type\":\"EntryPoint\",\"urlTemplate\":\"https:\/\/mellacaseta.cat\/es\/?s={search_term_string}\"},\"query-input\":{\"@type\":\"PropertyValueSpecification\",\"valueRequired\":true,\"valueName\":\"search_term_string\"}}],\"inLanguage\":\"es\"}]}<\/script>\n<!-- \/ Yoast SEO plugin. -->","yoast_head_json":{"title":"Vela duende apicultor de cera de abeja","description":"Vela decorativa en forma de duende apicultor hecha con cera de abeja natural en el Bergued\u00e0.","robots":{"index":"index","follow":"follow","max-snippet":"max-snippet:-1","max-image-preview":"max-image-preview:large","max-video-preview":"max-video-preview:-1"},"canonical":"https:\/\/mellacaseta.cat\/es\/producte\/vela-duende-apicultor\/","og_locale":"es_ES","og_type":"article","og_title":"Vela duende apicultor de cera de abeja","og_description":"Vela decorativa en forma de duende apicultor hecha con cera de abeja natural en el Bergued\u00e0.","og_url":"https:\/\/mellacaseta.cat\/es\/producte\/vela-duende-apicultor\/","og_site_name":"Mel La Caseta","og_image":[{"width":1667,"height":1667,"url":"https:\/\/mellacaseta.cat\/wp-content\/uploads\/2024\/11\/mel-la-caseta-087-e1736756916398.jpg","type":"image\/jpeg"}],"twitter_card":"summary_large_image","schema":{"@context":"https:\/\/schema.org","@graph":[{"@type":"WebPage","@id":"https:\/\/mellacaseta.cat\/es\/producte\/vela-duende-apicultor\/","url":"https:\/\/mellacaseta.cat\/es\/producte\/vela-duende-apicultor\/","name":"Vela duende apicultor de cera de abeja","isPartOf":{"@id":"https:\/\/mellacaseta.cat\/es\/#website"},"primaryImageOfPage":{"@id":"https:\/\/mellacaseta.cat\/es\/producte\/vela-duende-apicultor\/#primaryimage"},"image":{"@id":"https:\/\/mellacaseta.cat\/es\/producte\/vela-duende-apicultor\/#primaryimage"},"thumbnailUrl":"https:\/\/mellacaseta.cat\/wp-content\/uploads\/2024\/11\/mel-la-caseta-087-e1736756916398.jpg","datePublished":"2025-05-14T07:30:03+00:00","description":"Vela decorativa en forma de duende apicultor hecha con cera de abeja natural en el Bergued\u00e0.","breadcrumb":{"@id":"https:\/\/mellacaseta.cat\/es\/producte\/vela-duende-apicultor\/#breadcrumb"},"inLanguage":"es","potentialAction":[{"@type":"ReadAction","target":["https:\/\/mellacaseta.cat\/es\/producte\/vela-duende-apicultor\/"]}]},{"@type":"ImageObject","inLanguage":"es","@id":"https:\/\/mellacaseta.cat\/es\/producte\/vela-duende-apicultor\/#primaryimage","url":"https:\/\/mellacaseta.cat\/wp-content\/uploads\/2024\/11\/mel-la-caseta-087-e1736756916398.jpg","contentUrl":"https:\/\/mellacaseta.cat\/wp-content\/uploads\/2024\/11\/mel-la-caseta-087-e1736756916398.jpg","width":1667,"height":1667,"caption":"Mel La Caseta"},{"@type":"BreadcrumbList","@id":"https:\/\/mellacaseta.cat\/es\/producte\/vela-duende-apicultor\/#breadcrumb","itemListElement":[{"@type":"ListItem","position":1,"name":"Inici","item":"https:\/\/mellacaseta.cat\/es\/inicio\/"},{"@type":"ListItem","position":2,"name":"Productos","item":"https:\/\/mellacaseta.cat\/es\/shop\/"},{"@type":"ListItem","position":3,"name":"Vela duende Apicultor"}]},{"@type":"WebSite","@id":"https:\/\/mellacaseta.cat\/es\/#website","url":"https:\/\/mellacaseta.cat\/es\/","name":"Mel La Caseta","description":"Mel 100% artesanal al cor del Bergued\u00e0","potentialAction":[{"@type":"SearchAction","target":{"@type":"EntryPoint","urlTemplate":"https:\/\/mellacaseta.cat\/es\/?s={search_term_string}"},"query-input":{"@type":"PropertyValueSpecification","valueRequired":true,"valueName":"search_term_string"}}],"inLanguage":"es"}]}},"_links":{"self":[{"href":"https:\/\/mellacaseta.cat\/es\/wp-json\/wp\/v2\/product\/3171","targetHints":{"allow":["GET"]}}],"collection":[{"href":"https:\/\/mellacaseta.cat\/es\/wp-json\/wp\/v2\/product"}],"about":[{"href":"https:\/\/mellacaseta.cat\/es\/wp-json\/wp\/v2\/types\/product"}],"wp:featuredmedia":[{"embeddable":true,"href":"https:\/\/mellacaseta.cat\/es\/wp-json\/wp\/v2\/media\/3173"}],"wp:attachment":[{"href":"https:\/\/mellacaseta.cat\/es\/wp-json\/wp\/v2\/media?parent=3171"}],"wp:term":[{"taxonomy":"product_brand","embeddable":true,"href":"https:\/\/mellacaseta.cat\/es\/wp-json\/wp\/v2\/product_brand?post=3171"},{"taxonomy":"product_cat","embeddable":true,"href":"https:\/\/mellacaseta.cat\/es\/wp-json\/wp\/v2\/product_cat?post=3171"},{"taxonomy":"product_tag","embeddable":true,"href":"https:\/\/mellacaseta.cat\/es\/wp-json\/wp\/v2\/product_tag?post=3171"}],"curies":[{"name":"wp","href":"https:\/\/api.w.org\/{rel}","templated":true}]}}

<p>Las velas de Cera de Abella, son un producto 100% natural que nos proporcionan una luz más cálida que las velas convencionales ya diferencia de las velas comerciales, sus humos no son tóxicos. Ideales para regalar un detalle artesano, original y orgánico. </p>

<!-- This site is optimized with the Yoast SEO plugin v27.2 - https://yoast.com/product/yoast-seo-wordpress/ -->
<title>Vela duende apicultor de cera de abeja</title>
<meta name="description" content="Vela decorativa en forma de duende apicultor hecha con cera de abeja natural en el Berguedà." />
<meta name="robots" content="index, follow, max-snippet:-1, max-image-preview:large, max-video-preview:-1" />
<link rel="canonical" href="https://mellacaseta.cat/es/producte/vela-duende-apicultor/" />
<meta property="og:locale" content="es_ES" />
<meta property="og:type" content="article" />
<meta property="og:title" content="Vela duende apicultor de cera de abeja" />
<meta property="og:description" content="Vela decorativa en forma de duende apicultor hecha con cera de abeja natural en el Berguedà." />
<meta property="og:url" content="https://mellacaseta.cat/es/producte/vela-duende-apicultor/" />
<meta property="og:site_name" content="Mel La Caseta" />
<meta property="og:image" content="https://mellacaseta.cat/wp-content/uploads/2024/11/mel-la-caseta-087-e1736756916398.jpg" />
	<meta property="og:image:width" content="1667" />
	<meta property="og:image:height" content="1667" />
	<meta property="og:image:type" content="image/jpeg" />
<meta name="twitter:card" content="summary_large_image" />
<script type="application/ld+json" class="yoast-schema-graph">{"@context":"https://schema.org","@graph":[{"@type":"WebPage","@id":"https://mellacaseta.cat/es/producte/vela-duende-apicultor/","url":"https://mellacaseta.cat/es/producte/vela-duende-apicultor/","name":"Vela duende apicultor de cera de abeja","isPartOf":{"@id":"https://mellacaseta.cat/es/#website"},"primaryImageOfPage":{"@id":"https://mellacaseta.cat/es/producte/vela-duende-apicultor/#primaryimage"},"image":{"@id":"https://mellacaseta.cat/es/producte/vela-duende-apicultor/#primaryimage"},"thumbnailUrl":"https://mellacaseta.cat/wp-content/uploads/2024/11/mel-la-caseta-087-e1736756916398.jpg","datePublished":"2025-05-14T07:30:03+00:00","description":"Vela decorativa en forma de duende apicultor hecha con cera de abeja natural en el Berguedà.","breadcrumb":{"@id":"https://mellacaseta.cat/es/producte/vela-duende-apicultor/#breadcrumb"},"inLanguage":"es","potentialAction":[{"@type":"ReadAction","target":["https://mellacaseta.cat/es/producte/vela-duende-apicultor/"]}]},{"@type":"ImageObject","inLanguage":"es","@id":"https://mellacaseta.cat/es/producte/vela-duende-apicultor/#primaryimage","url":"https://mellacaseta.cat/wp-content/uploads/2024/11/mel-la-caseta-087-e1736756916398.jpg","contentUrl":"https://mellacaseta.cat/wp-content/uploads/2024/11/mel-la-caseta-087-e1736756916398.jpg","width":1667,"height":1667,"caption":"Mel La Caseta"},{"@type":"BreadcrumbList","@id":"https://mellacaseta.cat/es/producte/vela-duende-apicultor/#breadcrumb","itemListElement":[{"@type":"ListItem","position":1,"name":"Inici","item":"https://mellacaseta.cat/es/inicio/"},{"@type":"ListItem","position":2,"name":"Productos","item":"https://mellacaseta.cat/es/shop/"},{"@type":"ListItem","position":3,"name":"Vela duende Apicultor"}]},{"@type":"WebSite","@id":"https://mellacaseta.cat/es/#website","url":"https://mellacaseta.cat/es/","name":"Mel La Caseta","description":"Mel 100% artesanal al cor del Berguedà","potentialAction":[{"@type":"SearchAction","target":{"@type":"EntryPoint","urlTemplate":"https://mellacaseta.cat/es/?s={search_term_string}"},"query-input":{"@type":"PropertyValueSpecification","valueRequired":true,"valueName":"search_term_string"}}],"inLanguage":"es"}]}</script>
<!-- / Yoast SEO plugin. -->

Vela decorativa en forma de duende apicultor hecha con cera de abeja natural en el Berguedà.

Mel 100% artesanal al cor del Berguedà
