{"id":2759,"date":"2025-01-13T12:38:24","date_gmt":"2025-01-13T11:38:24","guid":{"rendered":"https:\/\/mellacaseta.cat\/declaracion-de-accesibilidad\/"},"modified":"2025-01-13T12:38:24","modified_gmt":"2025-01-13T11:38:24","slug":"declaracion-de-accesibilidad","status":"publish","type":"page","link":"https:\/\/mellacaseta.cat\/es\/declaracion-de-accesibilidad\/","title":{"rendered":"Declaraci\u00f3n de accesibilidad"},"content":{"rendered":"<div  class='flex_column av-105su-b37ba425f3d81987c5209e7f7fffb8f7 av_one_full  avia-builder-el-0  avia-builder-el-no-sibling  first flex_column_div  '     ><p>\n<style type=\"text\/css\" data-created_by=\"avia_inline_auto\" id=\"style-css-av-lhtlawvs-170b002b3d9047b1e22afdfbcbf0a172\">\n#top .av-special-heading.av-lhtlawvs-170b002b3d9047b1e22afdfbcbf0a172{\npadding-bottom:10px;\n}\nbody .av-special-heading.av-lhtlawvs-170b002b3d9047b1e22afdfbcbf0a172 .av-special-heading-tag .heading-char{\nfont-size:25px;\n}\n.av-special-heading.av-lhtlawvs-170b002b3d9047b1e22afdfbcbf0a172 .av-subheading{\nfont-size:15px;\n}\n<\/style>\n<div  class='av-special-heading av-lhtlawvs-170b002b3d9047b1e22afdfbcbf0a172 av-special-heading-h1 blockquote modern-quote  avia-builder-el-1  el_before_av_textblock  avia-builder-el-first '><h1 class='av-special-heading-tag '  itemprop=\"headline\"  >Declaraci\u00f3 d\u2019accessibilitat<\/h1><div class=\"special-heading-border\"><div class=\"special-heading-inner-border\"><\/div><\/div><\/div><br \/>\n<section  class='av_textblock_section av-lhtl1wru-9febd0037279fae4a2d0208f97eda571 '   itemscope=\"itemscope\" itemtype=\"https:\/\/schema.org\/CreativeWork\" ><div class='avia_textblock'  itemprop=\"text\" ><p>Mel La Caseta, se compromete a hacer accesible su sitio web de conformidad con el <a href=\"https:\/\/www.boe.es\/eli\/es\/rd\/2018\/09\/07\/1112\">Real Decreto 1112\/2018<\/a> , de 7 de septiembre, sobre accesibilidad de los sitios web y aplicaciones para dispositivos m\u00f3viles del sector p\u00fablico. Esta declaraci\u00f3n de accesibilidad se aplica a este sitio web.<\/p>\n<h2>Situaci\u00f3n de cumplimiento<\/h2>\n<p>Este sitio web es plenamente acorde con el RD 1112\/2018.<\/p>\n<h2>Contenido no accesible<\/h2>\n<p>El contenido que se recoge a continuaci\u00f3n no es accesible por lo siguiente:<\/p>\n<p><strong>Carece de conformidad con el RD 1112\/2018<\/strong><\/p>\n<p>Se pueden encontrar todav\u00eda nidamientos incorrectos de etiquetas. Podr\u00eda haber errores puntuales de edici\u00f3n en la p\u00e1gina web.<\/p>\n<p><strong>Carga desproporcionada<\/strong><\/p>\n<p>No se aplica.<\/p>\n<h2>Preparaci\u00f3n de esta declaraci\u00f3n de accesibilidad<\/h2>\n<p>Esta declaraci\u00f3n ha sido preparada el 05 de mayo de 2023. El m\u00e9todo empleado para preparar la declaraci\u00f3n ha sido una autoevaluaci\u00f3n llevada a cabo por la propia empresa.<\/p>\n<h2>Observaciones y datos de contacto<\/h2>\n<p>Puede realizar comunicaciones sobre requisitos de accesibilidad (art\u00edculo 10.2.a) del RD 1112\/2018) como por ejemplo:<\/p>\n<ul>\n<li>Informar sobre cualquier posible incumplimiento por este sitio web.<\/li>\n<li>Transmitir otras dificultades para acceder al contenido.<\/li>\n<li>Formular cualquier otra consulta o sugerencia de mejora relativa a la accesibilidad del sitio web.<\/li>\n<\/ul>\n<p>A trav\u00e9s de nuestro formulario de contacto, por tel\u00e9fono o de forma presencial en nuestra sede. Las comunicaciones, quejas y solicitudes de informaci\u00f3n accesibles ser\u00e1n recibidas y tratadas por nuestro equipo.<\/p>\n<\/div><\/section><\/p><\/div>\n","protected":false},"excerpt":{"rendered":"","protected":false},"author":3,"featured_media":0,"parent":0,"menu_order":0,"comment_status":"closed","ping_status":"closed","template":"","meta":{"footnotes":""},"class_list":["post-2759","page","type-page","status-publish","hentry"],"yoast_head":"<!-- This site is optimized with the Yoast SEO plugin v27.2 - https:\/\/yoast.com\/product\/yoast-seo-wordpress\/ -->\n<title>Declaraci\u00f3n de accesibilidad web<\/title>\n<meta name=\"description\" content=\"Consulta nuestro compromiso con la accesibilidad digital y la usabilidad del sitio para todos los usuarios.\" \/>\n<meta name=\"robots\" content=\"index, follow, max-snippet:-1, max-image-preview:large, max-video-preview:-1\" \/>\n<link rel=\"canonical\" href=\"https:\/\/mellacaseta.cat\/es\/declaracion-de-accesibilidad\/\" \/>\n<meta property=\"og:locale\" content=\"es_ES\" \/>\n<meta property=\"og:type\" content=\"article\" \/>\n<meta property=\"og:title\" content=\"Declaraci\u00f3n de accesibilidad web\" \/>\n<meta property=\"og:description\" content=\"Consulta nuestro compromiso con la accesibilidad digital y la usabilidad del sitio para todos los usuarios.\" \/>\n<meta property=\"og:url\" content=\"https:\/\/mellacaseta.cat\/es\/declaracion-de-accesibilidad\/\" \/>\n<meta property=\"og:site_name\" content=\"Mel La Caseta\" \/>\n<meta name=\"twitter:card\" content=\"summary_large_image\" \/>\n<meta name=\"twitter:label1\" content=\"Tiempo de lectura\" \/>\n\t<meta name=\"twitter:data1\" content=\"4 minutos\" \/>\n<script type=\"application\/ld+json\" class=\"yoast-schema-graph\">{\"@context\":\"https:\/\/schema.org\",\"@graph\":[{\"@type\":\"WebPage\",\"@id\":\"https:\/\/mellacaseta.cat\/es\/declaracion-de-accesibilidad\/\",\"url\":\"https:\/\/mellacaseta.cat\/es\/declaracion-de-accesibilidad\/\",\"name\":\"Declaraci\u00f3n de accesibilidad web\",\"isPartOf\":{\"@id\":\"https:\/\/mellacaseta.cat\/es\/#website\"},\"datePublished\":\"2025-01-13T11:38:24+00:00\",\"description\":\"Consulta nuestro compromiso con la accesibilidad digital y la usabilidad del sitio para todos los usuarios.\",\"breadcrumb\":{\"@id\":\"https:\/\/mellacaseta.cat\/es\/declaracion-de-accesibilidad\/#breadcrumb\"},\"inLanguage\":\"es\",\"potentialAction\":[{\"@type\":\"ReadAction\",\"target\":[\"https:\/\/mellacaseta.cat\/es\/declaracion-de-accesibilidad\/\"]}]},{\"@type\":\"BreadcrumbList\",\"@id\":\"https:\/\/mellacaseta.cat\/es\/declaracion-de-accesibilidad\/#breadcrumb\",\"itemListElement\":[{\"@type\":\"ListItem\",\"position\":1,\"name\":\"Inici\",\"item\":\"https:\/\/mellacaseta.cat\/es\/inicio\/\"},{\"@type\":\"ListItem\",\"position\":2,\"name\":\"Declaraci\u00f3n de accesibilidad\"}]},{\"@type\":\"WebSite\",\"@id\":\"https:\/\/mellacaseta.cat\/es\/#website\",\"url\":\"https:\/\/mellacaseta.cat\/es\/\",\"name\":\"Mel La Caseta\",\"description\":\"Mel 100% artesanal al cor del Bergued\u00e0\",\"potentialAction\":[{\"@type\":\"SearchAction\",\"target\":{\"@type\":\"EntryPoint\",\"urlTemplate\":\"https:\/\/mellacaseta.cat\/es\/?s={search_term_string}\"},\"query-input\":{\"@type\":\"PropertyValueSpecification\",\"valueRequired\":true,\"valueName\":\"search_term_string\"}}],\"inLanguage\":\"es\"}]}<\/script>\n<!-- \/ Yoast SEO plugin. -->","yoast_head_json":{"title":"Declaraci\u00f3n de accesibilidad web","description":"Consulta nuestro compromiso con la accesibilidad digital y la usabilidad del sitio para todos los usuarios.","robots":{"index":"index","follow":"follow","max-snippet":"max-snippet:-1","max-image-preview":"max-image-preview:large","max-video-preview":"max-video-preview:-1"},"canonical":"https:\/\/mellacaseta.cat\/es\/declaracion-de-accesibilidad\/","og_locale":"es_ES","og_type":"article","og_title":"Declaraci\u00f3n de accesibilidad web","og_description":"Consulta nuestro compromiso con la accesibilidad digital y la usabilidad del sitio para todos los usuarios.","og_url":"https:\/\/mellacaseta.cat\/es\/declaracion-de-accesibilidad\/","og_site_name":"Mel La Caseta","twitter_card":"summary_large_image","twitter_misc":{"Tiempo de lectura":"4 minutos"},"schema":{"@context":"https:\/\/schema.org","@graph":[{"@type":"WebPage","@id":"https:\/\/mellacaseta.cat\/es\/declaracion-de-accesibilidad\/","url":"https:\/\/mellacaseta.cat\/es\/declaracion-de-accesibilidad\/","name":"Declaraci\u00f3n de accesibilidad web","isPartOf":{"@id":"https:\/\/mellacaseta.cat\/es\/#website"},"datePublished":"2025-01-13T11:38:24+00:00","description":"Consulta nuestro compromiso con la accesibilidad digital y la usabilidad del sitio para todos los usuarios.","breadcrumb":{"@id":"https:\/\/mellacaseta.cat\/es\/declaracion-de-accesibilidad\/#breadcrumb"},"inLanguage":"es","potentialAction":[{"@type":"ReadAction","target":["https:\/\/mellacaseta.cat\/es\/declaracion-de-accesibilidad\/"]}]},{"@type":"BreadcrumbList","@id":"https:\/\/mellacaseta.cat\/es\/declaracion-de-accesibilidad\/#breadcrumb","itemListElement":[{"@type":"ListItem","position":1,"name":"Inici","item":"https:\/\/mellacaseta.cat\/es\/inicio\/"},{"@type":"ListItem","position":2,"name":"Declaraci\u00f3n de accesibilidad"}]},{"@type":"WebSite","@id":"https:\/\/mellacaseta.cat\/es\/#website","url":"https:\/\/mellacaseta.cat\/es\/","name":"Mel La Caseta","description":"Mel 100% artesanal al cor del Bergued\u00e0","potentialAction":[{"@type":"SearchAction","target":{"@type":"EntryPoint","urlTemplate":"https:\/\/mellacaseta.cat\/es\/?s={search_term_string}"},"query-input":{"@type":"PropertyValueSpecification","valueRequired":true,"valueName":"search_term_string"}}],"inLanguage":"es"}]}},"_links":{"self":[{"href":"https:\/\/mellacaseta.cat\/es\/wp-json\/wp\/v2\/pages\/2759","targetHints":{"allow":["GET"]}}],"collection":[{"href":"https:\/\/mellacaseta.cat\/es\/wp-json\/wp\/v2\/pages"}],"about":[{"href":"https:\/\/mellacaseta.cat\/es\/wp-json\/wp\/v2\/types\/page"}],"author":[{"embeddable":true,"href":"https:\/\/mellacaseta.cat\/es\/wp-json\/wp\/v2\/users\/3"}],"replies":[{"embeddable":true,"href":"https:\/\/mellacaseta.cat\/es\/wp-json\/wp\/v2\/comments?post=2759"}],"version-history":[{"count":1,"href":"https:\/\/mellacaseta.cat\/es\/wp-json\/wp\/v2\/pages\/2759\/revisions"}],"predecessor-version":[{"id":3436,"href":"https:\/\/mellacaseta.cat\/es\/wp-json\/wp\/v2\/pages\/2759\/revisions\/3436"}],"wp:attachment":[{"href":"https:\/\/mellacaseta.cat\/es\/wp-json\/wp\/v2\/media?parent=2759"}],"curies":[{"name":"wp","href":"https:\/\/api.w.org\/{rel}","templated":true}]}}

Declaración de accesibilidad

<div  class='flex_column av-105su-b37ba425f3d81987c5209e7f7fffb8f7 av_one_full  avia-builder-el-0  avia-builder-el-no-sibling  first flex_column_div  '     ><p>
<style type="text/css" data-created_by="avia_inline_auto" id="style-css-av-lhtlawvs-170b002b3d9047b1e22afdfbcbf0a172">
#top .av-special-heading.av-lhtlawvs-170b002b3d9047b1e22afdfbcbf0a172{
padding-bottom:10px;
}
body .av-special-heading.av-lhtlawvs-170b002b3d9047b1e22afdfbcbf0a172 .av-special-heading-tag .heading-char{
font-size:25px;
}
.av-special-heading.av-lhtlawvs-170b002b3d9047b1e22afdfbcbf0a172 .av-subheading{
font-size:15px;
}
</style>
<div  class='av-special-heading av-lhtlawvs-170b002b3d9047b1e22afdfbcbf0a172 av-special-heading-h1 blockquote modern-quote  avia-builder-el-1  el_before_av_textblock  avia-builder-el-first '><h1 class='av-special-heading-tag '  itemprop="headline"  >Declaració d’accessibilitat</h1><div class="special-heading-border"><div class="special-heading-inner-border"></div></div></div><br />
<section  class='av_textblock_section av-lhtl1wru-9febd0037279fae4a2d0208f97eda571 '   itemscope="itemscope" itemtype="https://schema.org/CreativeWork" ><div class='avia_textblock'  itemprop="text" ><p>Mel La Caseta, se compromete a hacer accesible su sitio web de conformidad con el <a href="https://www.boe.es/eli/es/rd/2018/09/07/1112">Real Decreto 1112/2018</a> , de 7 de septiembre, sobre accesibilidad de los sitios web y aplicaciones para dispositivos móviles del sector público. Esta declaración de accesibilidad se aplica a este sitio web.</p>
<h2>Situación de cumplimiento</h2>
<p>Este sitio web es plenamente acorde con el RD 1112/2018.</p>
<h2>Contenido no accesible</h2>
<p>El contenido que se recoge a continuación no es accesible por lo siguiente:</p>
<p><strong>Carece de conformidad con el RD 1112/2018</strong></p>
<p>Se pueden encontrar todavía nidamientos incorrectos de etiquetas. Podría haber errores puntuales de edición en la página web.</p>
<p><strong>Carga desproporcionada</strong></p>
<p>No se aplica.</p>
<h2>Preparación de esta declaración de accesibilidad</h2>
<p>Esta declaración ha sido preparada el 05 de mayo de 2023. El método empleado para preparar la declaración ha sido una autoevaluación llevada a cabo por la propia empresa.</p>
<h2>Observaciones y datos de contacto</h2>
<p>Puede realizar comunicaciones sobre requisitos de accesibilidad (artículo 10.2.a) del RD 1112/2018) como por ejemplo:</p>
<ul>
<li>Informar sobre cualquier posible incumplimiento por este sitio web.</li>
<li>Transmitir otras dificultades para acceder al contenido.</li>
<li>Formular cualquier otra consulta o sugerencia de mejora relativa a la accesibilidad del sitio web.</li>
</ul>
<p>A través de nuestro formulario de contacto, por teléfono o de forma presencial en nuestra sede. Las comunicaciones, quejas y solicitudes de información accesibles serán recibidas y tratadas por nuestro equipo.</p>
</div></section></p></div>

<!-- This site is optimized with the Yoast SEO plugin v27.2 - https://yoast.com/product/yoast-seo-wordpress/ -->
<title>Declaración de accesibilidad web</title>
<meta name="description" content="Consulta nuestro compromiso con la accesibilidad digital y la usabilidad del sitio para todos los usuarios." />
<meta name="robots" content="index, follow, max-snippet:-1, max-image-preview:large, max-video-preview:-1" />
<link rel="canonical" href="https://mellacaseta.cat/es/declaracion-de-accesibilidad/" />
<meta property="og:locale" content="es_ES" />
<meta property="og:type" content="article" />
<meta property="og:title" content="Declaración de accesibilidad web" />
<meta property="og:description" content="Consulta nuestro compromiso con la accesibilidad digital y la usabilidad del sitio para todos los usuarios." />
<meta property="og:url" content="https://mellacaseta.cat/es/declaracion-de-accesibilidad/" />
<meta property="og:site_name" content="Mel La Caseta" />
<meta name="twitter:card" content="summary_large_image" />
<meta name="twitter:label1" content="Tiempo de lectura" />
	<meta name="twitter:data1" content="4 minutos" />
<script type="application/ld+json" class="yoast-schema-graph">{"@context":"https://schema.org","@graph":[{"@type":"WebPage","@id":"https://mellacaseta.cat/es/declaracion-de-accesibilidad/","url":"https://mellacaseta.cat/es/declaracion-de-accesibilidad/","name":"Declaración de accesibilidad web","isPartOf":{"@id":"https://mellacaseta.cat/es/#website"},"datePublished":"2025-01-13T11:38:24+00:00","description":"Consulta nuestro compromiso con la accesibilidad digital y la usabilidad del sitio para todos los usuarios.","breadcrumb":{"@id":"https://mellacaseta.cat/es/declaracion-de-accesibilidad/#breadcrumb"},"inLanguage":"es","potentialAction":[{"@type":"ReadAction","target":["https://mellacaseta.cat/es/declaracion-de-accesibilidad/"]}]},{"@type":"BreadcrumbList","@id":"https://mellacaseta.cat/es/declaracion-de-accesibilidad/#breadcrumb","itemListElement":[{"@type":"ListItem","position":1,"name":"Inici","item":"https://mellacaseta.cat/es/inicio/"},{"@type":"ListItem","position":2,"name":"Declaración de accesibilidad"}]},{"@type":"WebSite","@id":"https://mellacaseta.cat/es/#website","url":"https://mellacaseta.cat/es/","name":"Mel La Caseta","description":"Mel 100% artesanal al cor del Berguedà","potentialAction":[{"@type":"SearchAction","target":{"@type":"EntryPoint","urlTemplate":"https://mellacaseta.cat/es/?s={search_term_string}"},"query-input":{"@type":"PropertyValueSpecification","valueRequired":true,"valueName":"search_term_string"}}],"inLanguage":"es"}]}</script>
<!-- / Yoast SEO plugin. -->

Declaración de accesibilidad web

Mel 100% artesanal al cor del Berguedà
